Last updated on 2025-05-08 04:52:08 CEST.
Flavor | Version | Tinstall | Tcheck | Ttotal | Status | Flags |
---|---|---|---|---|---|---|
r-devel-linux-x86_64-debian-clang | 0.5.3 | 133.79 | 193.55 | 327.34 | OK | |
r-devel-linux-x86_64-debian-gcc | 0.5.3 | 105.03 | 129.93 | 234.96 | OK | |
r-devel-linux-x86_64-fedora-clang | 0.5.3 | 601.90 | OK | |||
r-devel-linux-x86_64-fedora-gcc | 0.5.3 | 655.12 | OK | |||
r-devel-windows-x86_64 | 0.5.3 | 160.00 | 208.00 | 368.00 | OK | |
r-patched-linux-x86_64 | 0.5.3 | 143.86 | 180.76 | 324.62 | OK | |
r-release-linux-x86_64 | 0.5.3 | 141.10 | 183.11 | 324.21 | OK | |
r-release-macos-arm64 | 0.5.3 | 131.00 | OK | |||
r-release-macos-x86_64 | 0.5.3 | 180.00 | OK | |||
r-release-windows-x86_64 | 0.5.3 | 174.00 | 213.00 | 387.00 | OK | |
r-oldrel-macos-arm64 | 0.5.3 | 137.00 | NOTE | |||
r-oldrel-macos-x86_64 | 0.5.3 | 187.00 | NOTE | |||
r-oldrel-windows-x86_64 | 0.5.3 | 195.00 | 253.00 | 448.00 | OK |
Version: 0.5.3
Check: installed package size
Result: NOTE
installed size is 11.9Mb
sub-directories of 1Mb or more:
libs 11.4Mb
Flavors: r-oldrel-macos-arm64, r-oldrel-macos-x86_64
These binaries (installable software) and packages are in development.
They may not be fully stable and should be used with caution. We make no claims about them.