Last updated on 2025-05-02 13:50:48 CEST.
Flavor | Version | Tinstall | Tcheck | Ttotal | Status | Flags |
---|---|---|---|---|---|---|
r-devel-linux-x86_64-debian-clang | 0.2.1 | 2.31 | 22.92 | 25.23 | NOTE | |
r-devel-linux-x86_64-debian-gcc | 0.2.1 | 1.80 | 18.47 | 20.27 | NOTE | |
r-devel-linux-x86_64-fedora-clang | 0.2.1 | 38.85 | NOTE | |||
r-devel-linux-x86_64-fedora-gcc | 0.2.1 | 37.61 | NOTE | |||
r-devel-windows-x86_64 | 0.2.1 | 5.00 | 48.00 | 53.00 | NOTE | |
r-patched-linux-x86_64 | 0.2.1 | 2.60 | 21.60 | 24.20 | NOTE | |
r-release-linux-x86_64 | NOTE | |||||
r-release-macos-arm64 | 0.2.1 | 20.00 | NOTE | |||
r-release-macos-x86_64 | 0.2.1 | 30.00 | NOTE | |||
r-release-windows-x86_64 | 0.2.1 | 5.00 | 55.00 | 60.00 | NOTE | |
r-oldrel-macos-arm64 | 0.2.1 | 18.00 | NOTE | |||
r-oldrel-macos-x86_64 | 0.2.1 | 24.00 | NOTE | |||
r-oldrel-windows-x86_64 | 0.2.1 | 5.00 | 49.00 | 54.00 | NOTE |
Version: 0.2.1
Check: CRAN incoming feasibility
Result: NOTE
Maintainer: ‘Max Candocia <maxcandocia@gmail.com>’
No Authors@R field in DESCRIPTION.
Please add one, modifying
Authors@R: person(given = "Max",
family = "Candocia",
role = c("aut", "cre"),
email = "maxcandocia@gmail.com")
as necessary.
Flavors: r-devel-linux-x86_64-debian-clang, r-devel-linux-x86_64-debian-gcc
Version: 0.2.1
Check: package subdirectories
Result: NOTE
Problems with news in ‘NEWS.md’:
Cannot extract version info from the following section titles:
Minor Changes
Flavors: r-devel-linux-x86_64-debian-clang, r-devel-linux-x86_64-debian-gcc, r-devel-linux-x86_64-fedora-clang, r-devel-linux-x86_64-fedora-gcc, r-devel-windows-x86_64, r-patched-linux-x86_64, r-release-linux-x86_64, r-release-macos-arm64, r-release-macos-x86_64, r-release-windows-x86_64, r-oldrel-macos-arm64, r-oldrel-macos-x86_64, r-oldrel-windows-x86_64
These binaries (installable software) and packages are in development.
They may not be fully stable and should be used with caution. We make no claims about them.