CRAN Package Check Results for Package keyToEnglish

Last updated on 2025-11-12 19:51:52 CET.

Flavor Version Tinstall Tcheck Ttotal Status Flags
r-devel-linux-x86_64-debian-clang 0.2.1 2.36 24.40 26.76 NOTE
r-devel-linux-x86_64-debian-gcc 0.2.1 1.68 19.59 21.27 NOTE
r-devel-linux-x86_64-fedora-clang 0.2.1 40.50 NOTE
r-devel-linux-x86_64-fedora-gcc 0.2.1 37.44 NOTE
r-devel-windows-x86_64 0.2.1 5.00 46.00 51.00 NOTE
r-patched-linux-x86_64 0.2.1 2.55 23.09 25.64 NOTE
r-release-linux-x86_64 0.2.1 2.30 22.94 25.24 NOTE
r-release-macos-arm64 0.2.1 1.00 19.00 20.00 NOTE
r-release-macos-x86_64 0.2.1 2.00 28.00 30.00 NOTE
r-release-windows-x86_64 0.2.1 4.00 46.00 50.00 NOTE
r-oldrel-macos-arm64 0.2.1 1.00 17.00 18.00 NOTE
r-oldrel-macos-x86_64 0.2.1 2.00 22.00 24.00 NOTE
r-oldrel-windows-x86_64 0.2.1 5.00 52.00 57.00 NOTE

Check Details

Version: 0.2.1
Check: CRAN incoming feasibility
Result: NOTE Maintainer: ‘Max Candocia <maxcandocia@gmail.com>’ No Authors@R field in DESCRIPTION. Please add one, modifying Authors@R: person(given = "Max", family = "Candocia", role = c("aut", "cre"), email = "maxcandocia@gmail.com") as necessary. Flavors: r-devel-linux-x86_64-debian-clang, r-devel-linux-x86_64-debian-gcc

Version: 0.2.1
Check: package subdirectories
Result: NOTE Problems with news in ‘NEWS.md’: Cannot extract version info from the following section titles: Minor Changes Flavors: r-devel-linux-x86_64-debian-clang, r-devel-linux-x86_64-debian-gcc, r-devel-linux-x86_64-fedora-clang, r-devel-linux-x86_64-fedora-gcc, r-devel-windows-x86_64, r-patched-linux-x86_64, r-release-linux-x86_64, r-release-macos-arm64, r-release-macos-x86_64, r-release-windows-x86_64, r-oldrel-macos-arm64, r-oldrel-macos-x86_64, r-oldrel-windows-x86_64

These binaries (installable software) and packages are in development.
They may not be fully stable and should be used with caution. We make no claims about them.