CRAN Package Check Results for Package keyholder

Last updated on 2025-02-07 08:51:25 CET.

Flavor Version Tinstall Tcheck Ttotal Status Flags
r-devel-linux-x86_64-debian-clang 0.1.7 4.30 53.12 57.42 NOTE
r-devel-linux-x86_64-debian-gcc 0.1.7 2.45 38.29 40.74 NOTE
r-devel-linux-x86_64-fedora-clang 0.1.7 92.02 OK
r-devel-linux-x86_64-fedora-gcc 0.1.7 99.62 OK
r-devel-windows-x86_64 0.1.7 7.00 70.00 77.00 NOTE
r-patched-linux-x86_64 0.1.7 9.03 49.45 58.48 OK
r-release-linux-x86_64 0.1.7 4.29 48.49 52.78 OK
r-release-macos-arm64 0.1.7 34.00 OK
r-release-macos-x86_64 0.1.7 53.00 OK
r-release-windows-x86_64 0.1.7 7.00 70.00 77.00 OK
r-oldrel-macos-arm64 0.1.7 36.00 OK
r-oldrel-macos-x86_64 0.1.7 56.00 OK
r-oldrel-windows-x86_64 0.1.7 7.00 79.00 86.00 OK

Check Details

Version: 0.1.7
Check: Rd cross-references
Result: NOTE Found the following Rd file(s) with Rd \link{} targets missing package anchors: keyed-df-one-tbl.Rd: dplyr keyed-df-two-tbl.Rd: dplyr Please provide package anchors for all Rd \link{} targets not in the package itself and the base packages. Flavors: r-devel-linux-x86_64-debian-clang, r-devel-linux-x86_64-debian-gcc, r-devel-windows-x86_64

These binaries (installable software) and packages are in development.
They may not be fully stable and should be used with caution. We make no claims about them.