Last updated on 2025-07-01 01:49:25 CEST.
Flavor | Version | Tinstall | Tcheck | Ttotal | Status | Flags |
---|---|---|---|---|---|---|
r-devel-linux-x86_64-debian-clang | 0.1.1 | 11.99 | 21.93 | 33.92 | NOTE | |
r-devel-linux-x86_64-debian-gcc | 0.1.1 | 9.40 | 18.07 | 27.47 | NOTE | |
r-devel-linux-x86_64-fedora-clang | 0.1.1 | 53.91 | OK | |||
r-devel-linux-x86_64-fedora-gcc | 0.1.1 | 53.68 | OK | |||
r-devel-windows-x86_64 | 0.1.1 | 16.00 | 69.00 | 85.00 | OK | |
r-patched-linux-x86_64 | OK | |||||
r-release-linux-x86_64 | 0.1.1 | 13.28 | 20.34 | 33.62 | OK | |
r-release-macos-arm64 | 0.1.1 | 24.00 | OK | |||
r-release-macos-x86_64 | 0.1.1 | 35.00 | OK | |||
r-release-windows-x86_64 | 0.1.1 | 17.00 | 72.00 | 89.00 | OK | |
r-oldrel-macos-arm64 | 0.1.1 | 22.00 | OK | |||
r-oldrel-macos-x86_64 | 0.1.1 | 29.00 | OK | |||
r-oldrel-windows-x86_64 | 0.1.1 | 19.00 | 78.00 | 97.00 | OK |
Version: 0.1.1
Check: CRAN incoming feasibility
Result: NOTE
Maintainer: ‘Thoralf Mildenberger <mild@zhaw.ch>’
The Description field contains
<arXiv:2308.13383>.
Please refer to arXiv e-prints via their arXiv DOI <doi:10.48550/arXiv.YYMM.NNNNN>.
Flavors: r-devel-linux-x86_64-debian-clang, r-devel-linux-x86_64-debian-gcc
These binaries (installable software) and packages are in development.
They may not be fully stable and should be used with caution. We make no claims about them.