CRAN Package Check Results for Package keyringr

Last updated on 2025-02-21 15:51:52 CET.

Flavor Version Tinstall Tcheck Ttotal Status Flags
r-devel-linux-x86_64-debian-clang 0.4.0 1.68 21.50 23.18 OK
r-devel-linux-x86_64-debian-gcc 0.4.0 1.39 17.68 19.07 OK
r-devel-linux-x86_64-fedora-clang 0.4.0 36.81 OK
r-devel-linux-x86_64-fedora-gcc 0.4.0 49.90 OK
r-devel-macos-arm64 0.4.0 25.00 OK
r-devel-macos-x86_64 0.4.0 42.00 OK
r-devel-windows-x86_64 0.4.0 3.00 50.00 53.00 OK
r-patched-linux-x86_64 0.4.0 1.66 20.33 21.99 NOTE
r-release-linux-x86_64 0.4.0 1.57 20.59 22.16 NOTE
r-release-macos-arm64 0.4.0 23.00 NOTE
r-release-macos-x86_64 0.4.0 35.00 NOTE
r-release-windows-x86_64 0.4.0 3.00 49.00 52.00 NOTE
r-oldrel-macos-arm64 0.4.0 25.00 NOTE
r-oldrel-macos-x86_64 0.4.0 32.00 NOTE
r-oldrel-windows-x86_64 0.4.0 4.00 54.00 58.00 NOTE

Check Details

Version: 0.4.0
Check: LazyData
Result: NOTE 'LazyData' is specified without a 'data' directory Flavors: r-patched-linux-x86_64, r-release-linux-x86_64, r-release-macos-arm64, r-release-macos-x86_64, r-release-windows-x86_64, r-oldrel-macos-arm64, r-oldrel-macos-x86_64, r-oldrel-windows-x86_64

These binaries (installable software) and packages are in development.
They may not be fully stable and should be used with caution. We make no claims about them.