Last updated on 2025-02-16 08:50:50 CET.
Flavor | Version | Tinstall | Tcheck | Ttotal | Status | Flags |
---|---|---|---|---|---|---|
r-devel-linux-x86_64-debian-clang | 0.1.1 | 2.20 | 27.00 | 29.20 | NOTE | |
r-devel-linux-x86_64-debian-gcc | 0.1.1 | 1.94 | 21.53 | 23.47 | NOTE | |
r-devel-linux-x86_64-fedora-clang | 0.1.1 | 49.86 | NOTE | |||
r-devel-linux-x86_64-fedora-gcc | 0.1.1 | 59.55 | NOTE | |||
r-devel-macos-arm64 | 0.1.1 | 30.00 | NOTE | |||
r-devel-macos-x86_64 | 0.1.1 | 43.00 | NOTE | |||
r-devel-windows-x86_64 | 0.1.1 | 3.00 | 61.00 | 64.00 | NOTE | |
r-patched-linux-x86_64 | 0.1.1 | 1.76 | 25.94 | 27.70 | NOTE | |
r-release-linux-x86_64 | 0.1.1 | 2.39 | 26.10 | 28.49 | NOTE | |
r-release-macos-arm64 | 0.1.1 | 25.00 | NOTE | |||
r-release-macos-x86_64 | 0.1.1 | 36.00 | NOTE | |||
r-release-windows-x86_64 | 0.1.1 | 4.00 | 57.00 | 61.00 | NOTE | |
r-oldrel-macos-arm64 | 0.1.1 | 25.00 | OK | |||
r-oldrel-macos-x86_64 | 0.1.1 | 35.00 | OK | |||
r-oldrel-windows-x86_64 | 0.1.1 | 5.00 | 55.00 | 60.00 | OK |
Version: 0.1.1
Check: Rd files
Result: NOTE
checkRd: (-1) useKeys.Rd:13: Lost braces; missing escapes or markup?
13 | This function adds the {keys} dependencies to your application
| ^
Flavors: r-devel-linux-x86_64-debian-clang, r-devel-linux-x86_64-debian-gcc, r-devel-linux-x86_64-fedora-clang, r-devel-linux-x86_64-fedora-gcc, r-devel-macos-arm64, r-devel-macos-x86_64, r-devel-windows-x86_64, r-patched-linux-x86_64, r-release-linux-x86_64, r-release-macos-arm64, r-release-macos-x86_64, r-release-windows-x86_64
These binaries (installable software) and packages are in development.
They may not be fully stable and should be used with caution. We make no claims about them.