Last updated on 2025-07-22 13:49:16 CEST.
Flavor | Version | Tinstall | Tcheck | Ttotal | Status | Flags |
---|---|---|---|---|---|---|
r-devel-linux-x86_64-debian-clang | 0.2.2 | 15.76 | 130.35 | 146.11 | NOTE | |
r-devel-linux-x86_64-debian-gcc | 0.2.2 | 11.80 | 96.04 | 107.84 | NOTE | |
r-devel-linux-x86_64-fedora-clang | 0.2.2 | 221.99 | OK | |||
r-devel-linux-x86_64-fedora-gcc | 0.2.2 | 213.21 | OK | |||
r-devel-windows-x86_64 | 0.2.2 | 18.00 | 124.00 | 142.00 | OK | |
r-patched-linux-x86_64 | 0.2.2 | 16.08 | 120.45 | 136.53 | OK | |
r-release-linux-x86_64 | 0.2.2 | 16.54 | 124.02 | 140.56 | OK | |
r-release-macos-arm64 | 0.2.2 | 55.00 | OK | |||
r-release-macos-x86_64 | 0.2.2 | 109.00 | OK | |||
r-release-windows-x86_64 | 0.2.2 | 18.00 | 126.00 | 144.00 | OK | |
r-oldrel-macos-arm64 | 0.2.2 | 56.00 | OK | |||
r-oldrel-macos-x86_64 | 0.2.2 | 88.00 | OK | |||
r-oldrel-windows-x86_64 | 0.2.2 | 25.00 | 171.00 | 196.00 | OK |
Version: 0.2.2
Check: CRAN incoming feasibility
Result: NOTE
Maintainer: ‘Kyle Nickodem <kyle.nickodem@gmail.com>’
No Authors@R field in DESCRIPTION.
Please add one, modifying
Authors@R: c(person(given = "Kyle",
family = "Nickodem",
role = c("aut", "cre"),
email = "kyle.nickodem@gmail.com"),
person(given = "Peter",
family = "Halpin",
role = "aut"))
as necessary.
Flavors: r-devel-linux-x86_64-debian-clang, r-devel-linux-x86_64-debian-gcc
These binaries (installable software) and packages are in development.
They may not be fully stable and should be used with caution. We make no claims about them.