Last updated on 2025-11-12 19:51:52 CET.
| Flavor | Version | Tinstall | Tcheck | Ttotal | Status | Flags |
|---|---|---|---|---|---|---|
| r-devel-linux-x86_64-debian-clang | 0.2.2 | 18.13 | 142.62 | 160.75 | NOTE | |
| r-devel-linux-x86_64-debian-gcc | 0.2.2 | 13.24 | 99.69 | 112.93 | NOTE | |
| r-devel-linux-x86_64-fedora-clang | 0.2.2 | 75.00 | 175.51 | 250.51 | OK | |
| r-devel-linux-x86_64-fedora-gcc | 0.2.2 | 38.00 | 180.32 | 218.32 | OK | |
| r-devel-windows-x86_64 | 0.2.2 | 20.00 | 135.00 | 155.00 | OK | |
| r-patched-linux-x86_64 | 0.2.2 | 17.49 | 132.80 | 150.29 | OK | |
| r-release-linux-x86_64 | 0.2.2 | 17.60 | 131.24 | 148.84 | OK | |
| r-release-macos-arm64 | 0.2.2 | 7.00 | 48.00 | 55.00 | OK | |
| r-release-macos-x86_64 | 0.2.2 | 14.00 | 95.00 | 109.00 | OK | |
| r-release-windows-x86_64 | 0.2.2 | 20.00 | 136.00 | 156.00 | OK | |
| r-oldrel-macos-arm64 | 0.2.2 | 7.00 | 49.00 | 56.00 | OK | |
| r-oldrel-macos-x86_64 | 0.2.2 | 12.00 | 76.00 | 88.00 | OK | |
| r-oldrel-windows-x86_64 | 0.2.2 | 28.00 | 171.00 | 199.00 | NOTE |
Version: 0.2.2
Check: CRAN incoming feasibility
Result: NOTE
Maintainer: ‘Kyle Nickodem <kyle.nickodem@gmail.com>’
No Authors@R field in DESCRIPTION.
Please add one, modifying
Authors@R: c(person(given = "Kyle",
family = "Nickodem",
role = c("aut", "cre"),
email = "kyle.nickodem@gmail.com"),
person(given = "Peter",
family = "Halpin",
role = "aut"))
as necessary.
Flavors: r-devel-linux-x86_64-debian-clang, r-devel-linux-x86_64-debian-gcc
Version: 0.2.2
Check: package dependencies
Result: NOTE
Package suggested but not available for checking: 'semPlot'
Flavor: r-oldrel-windows-x86_64
These binaries (installable software) and packages are in development.
They may not be fully stable and should be used with caution. We make no claims about them.