Last updated on 2025-05-21 21:49:20 CEST.
Flavor | Version | Tinstall | Tcheck | Ttotal | Status | Flags |
---|---|---|---|---|---|---|
r-devel-linux-x86_64-debian-clang | 0.2.2 | 17.92 | 127.76 | 145.68 | NOTE | |
r-devel-linux-x86_64-debian-gcc | 0.2.2 | 12.40 | 91.69 | 104.09 | NOTE | |
r-devel-linux-x86_64-fedora-clang | 0.2.2 | 227.90 | OK | |||
r-devel-linux-x86_64-fedora-gcc | 0.2.2 | 212.50 | OK | |||
r-devel-windows-x86_64 | 0.2.2 | 19.00 | 144.00 | 163.00 | OK | |
r-patched-linux-x86_64 | 0.2.2 | 15.60 | 118.30 | 133.90 | OK | |
r-release-linux-x86_64 | 0.2.2 | 14.21 | 120.10 | 134.31 | OK | |
r-release-macos-arm64 | 0.2.2 | 55.00 | OK | |||
r-release-macos-x86_64 | 0.2.2 | 109.00 | OK | |||
r-release-windows-x86_64 | 0.2.2 | 18.00 | 139.00 | 157.00 | OK | |
r-oldrel-macos-arm64 | 0.2.2 | 56.00 | OK | |||
r-oldrel-macos-x86_64 | 0.2.2 | 88.00 | OK | |||
r-oldrel-windows-x86_64 | 0.2.2 | 25.00 | 165.00 | 190.00 | OK |
Version: 0.2.2
Check: CRAN incoming feasibility
Result: NOTE
Maintainer: ‘Kyle Nickodem <kyle.nickodem@gmail.com>’
No Authors@R field in DESCRIPTION.
Please add one, modifying
Authors@R: c(person(given = "Kyle",
family = "Nickodem",
role = c("aut", "cre"),
email = "kyle.nickodem@gmail.com"),
person(given = "Peter",
family = "Halpin",
role = "aut"))
as necessary.
Flavors: r-devel-linux-x86_64-debian-clang, r-devel-linux-x86_64-debian-gcc
These binaries (installable software) and packages are in development.
They may not be fully stable and should be used with caution. We make no claims about them.