Last updated on 2025-02-16 08:50:50 CET.
Flavor | Version | Tinstall | Tcheck | Ttotal | Status | Flags |
---|---|---|---|---|---|---|
r-devel-linux-x86_64-debian-clang | 1.0.0 | 4.05 | 34.74 | 38.79 | NOTE | |
r-devel-linux-x86_64-debian-gcc | 1.0.0 | 2.85 | 26.43 | 29.28 | NOTE | |
r-devel-linux-x86_64-fedora-clang | 1.0.0 | 62.30 | NOTE | |||
r-devel-linux-x86_64-fedora-gcc | 1.0.0 | 57.80 | NOTE | |||
r-devel-macos-arm64 | 1.0.0 | 22.00 | NOTE | |||
r-devel-macos-x86_64 | 1.0.0 | 37.00 | NOTE | |||
r-devel-windows-x86_64 | 1.0.0 | 5.00 | 51.00 | 56.00 | NOTE | |
r-patched-linux-x86_64 | 1.0.0 | 3.56 | 33.00 | 36.56 | NOTE | |
r-release-linux-x86_64 | 1.0.0 | 3.60 | 32.44 | 36.04 | NOTE | |
r-release-macos-arm64 | 1.0.0 | 22.00 | NOTE | |||
r-release-macos-x86_64 | 1.0.0 | 30.00 | NOTE | |||
r-release-windows-x86_64 | 1.0.0 | 4.00 | 61.00 | 65.00 | NOTE | |
r-oldrel-macos-arm64 | 1.0.0 | 22.00 | NOTE | |||
r-oldrel-macos-x86_64 | 1.0.0 | 32.00 | NOTE | |||
r-oldrel-windows-x86_64 | 1.0.0 | 4.00 | 83.00 | 87.00 | NOTE |
Version: 1.0.0
Check: Rd files
Result: NOTE
checkRd: (-1) kfda.Rd:26: Lost braces
26 | \item{kpca.train}{An object of class "kpca". It has results of \code{kpca} function. (see{\code{\link[kernlab]{kpca}}} (in package \pkg{kernlab}))}
| ^
Flavors: r-devel-linux-x86_64-debian-clang, r-devel-linux-x86_64-debian-gcc, r-devel-linux-x86_64-fedora-clang, r-devel-linux-x86_64-fedora-gcc, r-devel-macos-arm64, r-devel-macos-x86_64, r-devel-windows-x86_64, r-patched-linux-x86_64, r-release-linux-x86_64, r-release-macos-arm64, r-release-macos-x86_64, r-release-windows-x86_64
Version: 1.0.0
Check: LazyData
Result: NOTE
'LazyData' is specified without a 'data' directory
Flavors: r-patched-linux-x86_64, r-release-linux-x86_64, r-release-macos-arm64, r-release-macos-x86_64, r-release-windows-x86_64, r-oldrel-macos-arm64, r-oldrel-macos-x86_64, r-oldrel-windows-x86_64
These binaries (installable software) and packages are in development.
They may not be fully stable and should be used with caution. We make no claims about them.