Last updated on 2025-05-02 13:50:48 CEST.
Flavor | Version | Tinstall | Tcheck | Ttotal | Status | Flags |
---|---|---|---|---|---|---|
r-devel-linux-x86_64-debian-clang | 1.2.1 | 1.67 | 27.36 | 29.03 | NOTE | |
r-devel-linux-x86_64-debian-gcc | 1.2.1 | 1.48 | 22.17 | 23.65 | NOTE | |
r-devel-linux-x86_64-fedora-clang | 1.2.1 | 45.50 | OK | |||
r-devel-linux-x86_64-fedora-gcc | 1.2.1 | 58.65 | OK | |||
r-devel-windows-x86_64 | 1.2.1 | 3.00 | 49.00 | 52.00 | OK | |
r-patched-linux-x86_64 | 1.2.1 | 1.60 | 26.40 | 28.00 | OK | |
r-release-linux-x86_64 | OK | |||||
r-release-macos-arm64 | 1.2.1 | 34.00 | OK | |||
r-release-macos-x86_64 | 1.2.1 | 46.00 | OK | |||
r-release-windows-x86_64 | 1.2.1 | 3.00 | 53.00 | 56.00 | OK | |
r-oldrel-macos-arm64 | 1.2.1 | 25.00 | OK | |||
r-oldrel-macos-x86_64 | 1.2.1 | 35.00 | OK | |||
r-oldrel-windows-x86_64 | 1.2.1 | 3.00 | 55.00 | 58.00 | OK |
Version: 1.2.1
Check: CRAN incoming feasibility
Result: NOTE
Maintainer: ‘Michael C Koohafkan <michael.koohafkan@gmail.com>’
No Authors@R field in DESCRIPTION.
Please add one, modifying
Authors@R: person(given = c("Michael", "C"),
family = "Koohafkan",
role = c("aut", "cre"),
email = "michael.koohafkan@gmail.com")
as necessary.
Flavors: r-devel-linux-x86_64-debian-clang, r-devel-linux-x86_64-debian-gcc
These binaries (installable software) and packages are in development.
They may not be fully stable and should be used with caution. We make no claims about them.