CRAN Package Check Results for Package kgschart

Last updated on 2025-10-03 05:53:36 CEST.

Flavor Version Tinstall Tcheck Ttotal Status Flags
r-devel-linux-x86_64-debian-clang 1.3.5 2.48 37.00 39.48 OK
r-devel-linux-x86_64-debian-gcc 1.3.5 1.92 28.30 30.22 OK
r-devel-linux-x86_64-fedora-clang 1.3.5 55.06 OK
r-devel-linux-x86_64-fedora-gcc 1.3.5 58.47 OK
r-devel-windows-x86_64 1.3.5 5.00 56.00 61.00 OK
r-patched-linux-x86_64 1.3.5 2.42 34.54 36.96 OK
r-release-linux-x86_64 1.3.5 2.17 34.78 36.95 OK
r-release-macos-arm64 1.3.5 34.00 OK
r-release-macos-x86_64 1.3.5 39.00 OK
r-release-windows-x86_64 1.3.5 5.00 58.00 63.00 OK
r-oldrel-macos-arm64 1.3.5 23.00 NOTE
r-oldrel-macos-x86_64 1.3.5 33.00 NOTE
r-oldrel-windows-x86_64 1.3.5 5.00 66.00 71.00 NOTE

Check Details

Version: 1.3.5
Check: LazyData
Result: NOTE 'LazyData' is specified without a 'data' directory Flavors: r-oldrel-macos-arm64, r-oldrel-macos-x86_64, r-oldrel-windows-x86_64

These binaries (installable software) and packages are in development.
They may not be fully stable and should be used with caution. We make no claims about them.