Last updated on 2025-05-01 08:52:36 CEST.
Flavor | Version | Tinstall | Tcheck | Ttotal | Status | Flags |
---|---|---|---|---|---|---|
r-devel-linux-x86_64-debian-clang | 1.3.5 | 2.70 | 35.22 | 37.92 | OK | |
r-devel-linux-x86_64-debian-gcc | 1.3.5 | 2.00 | 26.48 | 28.48 | OK | |
r-devel-linux-x86_64-fedora-clang | 1.3.5 | 56.78 | OK | |||
r-devel-linux-x86_64-fedora-gcc | 1.3.5 | 58.00 | OK | |||
r-devel-windows-x86_64 | 1.3.5 | 4.00 | 61.00 | 65.00 | OK | |
r-patched-linux-x86_64 | 1.3.5 | 2.57 | 33.12 | 35.69 | OK | |
r-release-linux-x86_64 | OK | |||||
r-release-macos-arm64 | 1.3.5 | 34.00 | OK | |||
r-release-macos-x86_64 | 1.3.5 | 39.00 | OK | |||
r-release-windows-x86_64 | 1.3.5 | 5.00 | 62.00 | 67.00 | OK | |
r-oldrel-macos-arm64 | 1.3.5 | 23.00 | NOTE | |||
r-oldrel-macos-x86_64 | 1.3.5 | 33.00 | NOTE | |||
r-oldrel-windows-x86_64 | 1.3.5 | 6.00 | 66.00 | 72.00 | NOTE |
Version: 1.3.5
Check: LazyData
Result: NOTE
'LazyData' is specified without a 'data' directory
Flavors: r-oldrel-macos-arm64, r-oldrel-macos-x86_64, r-oldrel-windows-x86_64
These binaries (installable software) and packages are in development.
They may not be fully stable and should be used with caution. We make no claims about them.