Last updated on 2025-05-01 14:49:13 CEST.
Flavor | Version | Tinstall | Tcheck | Ttotal | Status | Flags |
---|---|---|---|---|---|---|
r-devel-linux-x86_64-debian-clang | 1.16.0 | 6.34 | 138.44 | 144.78 | NOTE | |
r-devel-linux-x86_64-debian-gcc | 1.16.0 | 4.96 | 98.99 | 103.95 | NOTE | |
r-devel-linux-x86_64-fedora-clang | 1.16.0 | 211.16 | OK | |||
r-devel-linux-x86_64-fedora-gcc | 1.16.0 | 223.61 | OK | |||
r-devel-windows-x86_64 | 1.16.0 | 8.00 | 204.00 | 212.00 | OK | |
r-patched-linux-x86_64 | 1.16.0 | 12.04 | 129.62 | 141.66 | OK | |
r-release-linux-x86_64 | OK | |||||
r-release-macos-arm64 | 1.16.0 | 65.00 | OK | |||
r-release-macos-x86_64 | 1.16.0 | 131.00 | OK | |||
r-release-windows-x86_64 | 1.16.0 | 8.00 | 201.00 | 209.00 | OK | |
r-oldrel-macos-arm64 | 1.16.0 | 97.00 | OK | |||
r-oldrel-macos-x86_64 | 1.16.0 | 185.00 | OK | |||
r-oldrel-windows-x86_64 | 1.16.0 | 11.00 | 210.00 | 221.00 | OK |
Version: 1.16.0
Check: DESCRIPTION meta-information
Result: NOTE
Author field differs from that derived from Authors@R
Author: ‘Nicolas Frerebeau [aut, cre] (<https://orcid.org/0000-0001-5759-4944>), Brice Lebrun [art] (<https://orcid.org/0000-0001-7503-8685>, Logo designer), Vincent Arel-Bundock [ctb] (<https://orcid.org/0000-0003-2042-7063>), Ulrik Stervbo [ctb] (<https://orcid.org/0000-0002-2831-8868>), Université Bordeaux Montaigne [fnd] (03pbgwk21), CNRS [fnd] (02feahw73)’
Authors@R: ‘Nicolas Frerebeau [aut, cre] (ORCID: <https://orcid.org/0000-0001-5759-4944>), Brice Lebrun [art] (ORCID: <https://orcid.org/0000-0001-7503-8685>, Logo designer), Vincent Arel-Bundock [ctb] (ORCID: <https://orcid.org/0000-0003-2042-7063>), Ulrik Stervbo [ctb] (ORCID: <https://orcid.org/0000-0002-2831-8868>), Université Bordeaux Montaigne [fnd] (ROR: <https://ror.org/03pbgwk21>), CNRS [fnd] (ROR: <https://ror.org/02feahw73>)’
Flavors: r-devel-linux-x86_64-debian-clang, r-devel-linux-x86_64-debian-gcc
These binaries (installable software) and packages are in development.
They may not be fully stable and should be used with caution. We make no claims about them.