CRAN Package Check Results for Package kin.cohort

Last updated on 2025-11-24 13:50:00 CET.

Flavor Version Tinstall Tcheck Ttotal Status Flags
r-devel-linux-x86_64-debian-clang 0.7 8.80 61.15 69.95 NOTE
r-devel-linux-x86_64-debian-gcc 0.7 5.29 46.13 51.42 NOTE
r-devel-linux-x86_64-fedora-clang 0.7 14.00 85.79 99.79 OK
r-devel-linux-x86_64-fedora-gcc 0.7 20.00 78.05 98.05 OK
r-devel-windows-x86_64 0.7 10.00 72.00 82.00 OK
r-patched-linux-x86_64 0.7 7.18 58.39 65.57 OK
r-release-linux-x86_64 0.7 7.52 59.72 67.24 OK
r-release-macos-arm64 0.7 OK
r-release-macos-x86_64 0.7 7.00 58.00 65.00 OK
r-release-windows-x86_64 0.7 8.00 92.00 100.00 OK
r-oldrel-macos-arm64 0.7 OK
r-oldrel-macos-x86_64 0.7 5.00 42.00 47.00 OK
r-oldrel-windows-x86_64 0.7 11.00 91.00 102.00 OK

Check Details

Version: 0.7
Check: CRAN incoming feasibility
Result: NOTE Maintainer: ‘Victor Moreno <v.moreno@iconcologia.net>’ No Authors@R field in DESCRIPTION. Please add one, modifying Authors@R: c(person(given = "Victor", family = "Moreno", role = c("aut", "cre"), email = "v.moreno@iconcologia.net"), person(given = "Nilanjan", family = "Chatterjee", role = "aut"), person(given = "Bhramar", family = "Mukherjee", role = "aut")) as necessary. Flavors: r-devel-linux-x86_64-debian-clang, r-devel-linux-x86_64-debian-gcc

These binaries (installable software) and packages are in development.
They may not be fully stable and should be used with caution. We make no claims about them.