Last updated on 2025-05-01 12:49:31 CEST.
Flavor | Version | Tinstall | Tcheck | Ttotal | Status | Flags |
---|---|---|---|---|---|---|
r-devel-linux-x86_64-debian-clang | 0.10.2 | 15.64 | 124.00 | 139.64 | NOTE | |
r-devel-linux-x86_64-debian-gcc | 0.10.2 | 11.37 | 82.83 | 94.20 | NOTE | |
r-devel-linux-x86_64-fedora-clang | 0.10.2 | 197.63 | NOTE | |||
r-devel-linux-x86_64-fedora-gcc | 0.10.2 | 199.57 | NOTE | |||
r-devel-windows-x86_64 | 0.10.2 | 16.00 | 144.00 | 160.00 | NOTE | |
r-patched-linux-x86_64 | 0.10.2 | 17.04 | 110.73 | 127.77 | NOTE | |
r-release-linux-x86_64 | NOTE | |||||
r-release-macos-arm64 | 0.10.2 | 61.00 | NOTE | |||
r-release-macos-x86_64 | 0.10.2 | 121.00 | NOTE | |||
r-release-windows-x86_64 | 0.10.2 | 16.00 | 150.00 | 166.00 | NOTE | |
r-oldrel-macos-arm64 | 0.10.2 | 60.00 | NOTE | |||
r-oldrel-macos-x86_64 | 0.10.2 | 100.00 | NOTE | |||
r-oldrel-windows-x86_64 | 0.10.2 | 20.00 | 176.00 | 196.00 | NOTE |
Version: 0.10.2
Check: Rd files
Result: NOTE
checkRd: (-1) mount_appdata.Rd:10: Lost braces; missing escapes or markup?
10 | \item{x}{An object of class \code{KinPairData} or {KinPairSimulation}}
| ^
Flavors: r-devel-linux-x86_64-debian-clang, r-devel-linux-x86_64-debian-gcc, r-devel-linux-x86_64-fedora-clang, r-devel-linux-x86_64-fedora-gcc, r-devel-windows-x86_64, r-patched-linux-x86_64, r-release-linux-x86_64, r-release-macos-arm64, r-release-macos-x86_64, r-release-windows-x86_64, r-oldrel-macos-arm64, r-oldrel-macos-x86_64, r-oldrel-windows-x86_64
Version: 0.10.2
Check: dependencies in R code
Result: NOTE
Namespaces in Imports field not imported from:
‘fitdistrplus’ ‘plotly’
All declared Imports should be used.
Flavors: r-devel-linux-x86_64-fedora-clang, r-devel-linux-x86_64-fedora-gcc
These binaries (installable software) and packages are in development.
They may not be fully stable and should be used with caution. We make no claims about them.