Last updated on 2024-07-27 15:50:22 CEST.
Flavor | Version | Tinstall | Tcheck | Ttotal | Status | Flags |
---|---|---|---|---|---|---|
r-devel-linux-x86_64-debian-clang | 0.10.2 | 16.40 | 137.84 | 154.24 | NOTE | |
r-devel-linux-x86_64-debian-gcc | 0.10.2 | NOTE | ||||
r-devel-linux-x86_64-fedora-clang | 0.10.2 | 194.75 | NOTE | |||
r-devel-linux-x86_64-fedora-gcc | 0.10.2 | 194.26 | NOTE | |||
r-devel-windows-x86_64 | 0.10.2 | 18.00 | 131.00 | 149.00 | NOTE | |
r-patched-linux-x86_64 | 0.10.2 | NOTE | ||||
r-release-linux-x86_64 | 0.10.2 | 10.70 | 134.41 | 145.11 | NOTE | |
r-release-macos-arm64 | 0.10.2 | 60.00 | NOTE | |||
r-release-macos-x86_64 | 0.10.2 | 100.00 | NOTE | |||
r-release-windows-x86_64 | 0.10.2 | 17.00 | 134.00 | 151.00 | NOTE | |
r-oldrel-macos-arm64 | 0.10.2 | 54.00 | OK | |||
r-oldrel-macos-x86_64 | 0.10.2 | 78.00 | OK | |||
r-oldrel-windows-x86_64 | 0.10.2 | 19.00 | 163.00 | 182.00 | OK |
Version: 0.10.2
Check: Rd files
Result: NOTE
checkRd: (-1) mount_appdata.Rd:10: Lost braces; missing escapes or markup?
10 | \item{x}{An object of class \code{KinPairData} or {KinPairSimulation}}
| ^
Flavors: r-devel-linux-x86_64-debian-clang, r-devel-linux-x86_64-debian-gcc, r-devel-linux-x86_64-fedora-clang, r-devel-linux-x86_64-fedora-gcc, r-devel-windows-x86_64, r-patched-linux-x86_64, r-release-linux-x86_64, r-release-macos-arm64, r-release-macos-x86_64, r-release-windows-x86_64
Version: 0.10.2
Check: dependencies in R code
Result: NOTE
Namespaces in Imports field not imported from:
‘fitdistrplus’ ‘plotly’
All declared Imports should be used.
Flavors: r-devel-linux-x86_64-fedora-clang, r-devel-linux-x86_64-fedora-gcc
These binaries (installable software) and packages are in development.
They may not be fully stable and should be used with caution. We make no claims about them.