Last updated on 2025-07-19 21:49:39 CEST.
Flavor | Version | Tinstall | Tcheck | Ttotal | Status | Flags |
---|---|---|---|---|---|---|
r-devel-linux-x86_64-debian-clang | 0.10.2 | 12.49 | 118.47 | 130.96 | NOTE | |
r-devel-linux-x86_64-debian-gcc | 0.10.2 | 9.76 | 83.44 | 93.20 | NOTE | |
r-devel-linux-x86_64-fedora-clang | 0.10.2 | 202.37 | NOTE | |||
r-devel-linux-x86_64-fedora-gcc | 0.10.2 | 203.06 | NOTE | |||
r-devel-windows-x86_64 | 0.10.2 | 18.00 | 139.00 | 157.00 | NOTE | |
r-patched-linux-x86_64 | 0.10.2 | 13.85 | 110.99 | 124.84 | NOTE | |
r-release-linux-x86_64 | 0.10.2 | 13.03 | 111.82 | 124.85 | NOTE | |
r-release-macos-arm64 | 0.10.2 | 61.00 | NOTE | |||
r-release-macos-x86_64 | 0.10.2 | 121.00 | NOTE | |||
r-release-windows-x86_64 | 0.10.2 | 15.00 | 133.00 | 148.00 | NOTE | |
r-oldrel-macos-arm64 | 0.10.2 | 60.00 | NOTE | |||
r-oldrel-macos-x86_64 | 0.10.2 | 100.00 | NOTE | |||
r-oldrel-windows-x86_64 | 0.10.2 | 21.00 | 174.00 | 195.00 | NOTE |
Version: 0.10.2
Check: Rd files
Result: NOTE
checkRd: (-1) mount_appdata.Rd:10: Lost braces; missing escapes or markup?
10 | \item{x}{An object of class \code{KinPairData} or {KinPairSimulation}}
| ^
Flavors: r-devel-linux-x86_64-debian-clang, r-devel-linux-x86_64-debian-gcc, r-devel-linux-x86_64-fedora-clang, r-devel-linux-x86_64-fedora-gcc, r-devel-windows-x86_64, r-patched-linux-x86_64, r-release-linux-x86_64, r-release-macos-arm64, r-release-macos-x86_64, r-release-windows-x86_64, r-oldrel-macos-arm64, r-oldrel-macos-x86_64, r-oldrel-windows-x86_64
Version: 0.10.2
Check: dependencies in R code
Result: NOTE
Namespaces in Imports field not imported from:
‘fitdistrplus’ ‘plotly’
All declared Imports should be used.
Flavors: r-devel-linux-x86_64-fedora-clang, r-devel-linux-x86_64-fedora-gcc
These binaries (installable software) and packages are in development.
They may not be fully stable and should be used with caution. We make no claims about them.