Last updated on 2025-10-23 11:50:17 CEST.
Flavor | Version | Tinstall | Tcheck | Ttotal | Status | Flags |
---|---|---|---|---|---|---|
r-devel-linux-x86_64-debian-clang | 0.10.2 | 15.58 | 141.50 | 157.08 | NOTE | |
r-devel-linux-x86_64-debian-gcc | 0.10.2 | 11.25 | 94.48 | 105.73 | NOTE | |
r-devel-linux-x86_64-fedora-clang | 0.10.2 | 73.00 | 172.13 | 245.13 | NOTE | |
r-devel-linux-x86_64-fedora-gcc | 0.10.2 | 32.00 | 189.84 | 221.84 | NOTE | |
r-devel-windows-x86_64 | 0.10.2 | 17.00 | 148.00 | 165.00 | NOTE | |
r-patched-linux-x86_64 | 0.10.2 | 18.16 | 128.59 | 146.75 | NOTE | |
r-release-linux-x86_64 | 0.10.2 | 15.39 | 127.60 | 142.99 | NOTE | |
r-release-macos-arm64 | 0.10.2 | 6.00 | 55.00 | 61.00 | NOTE | |
r-release-macos-x86_64 | 0.10.2 | 12.00 | 109.00 | 121.00 | NOTE | |
r-release-windows-x86_64 | 0.10.2 | 18.00 | 147.00 | 165.00 | NOTE | |
r-oldrel-macos-arm64 | 0.10.2 | 7.00 | 53.00 | 60.00 | NOTE | |
r-oldrel-macos-x86_64 | 0.10.2 | 18.00 | 82.00 | 100.00 | NOTE | |
r-oldrel-windows-x86_64 | 0.10.2 | 23.00 | 189.00 | 212.00 | NOTE |
Version: 0.10.2
Check: Rd files
Result: NOTE
checkRd: (-1) mount_appdata.Rd:10: Lost braces; missing escapes or markup?
10 | \item{x}{An object of class \code{KinPairData} or {KinPairSimulation}}
| ^
Flavors: r-devel-linux-x86_64-debian-clang, r-devel-linux-x86_64-debian-gcc, r-devel-linux-x86_64-fedora-clang, r-devel-linux-x86_64-fedora-gcc, r-devel-windows-x86_64, r-patched-linux-x86_64, r-release-linux-x86_64, r-release-macos-arm64, r-release-macos-x86_64, r-release-windows-x86_64, r-oldrel-macos-arm64, r-oldrel-macos-x86_64, r-oldrel-windows-x86_64
Version: 0.10.2
Check: dependencies in R code
Result: NOTE
Namespaces in Imports field not imported from:
‘fitdistrplus’ ‘plotly’
All declared Imports should be used.
Flavors: r-devel-linux-x86_64-fedora-clang, r-devel-linux-x86_64-fedora-gcc
These binaries (installable software) and packages are in development.
They may not be fully stable and should be used with caution. We make no claims about them.