Last updated on 2025-05-02 13:50:48 CEST.
Flavor | Version | Tinstall | Tcheck | Ttotal | Status | Flags |
---|---|---|---|---|---|---|
r-devel-linux-x86_64-debian-clang | 1.0.0 | 1.71 | 29.09 | 30.80 | NOTE | |
r-devel-linux-x86_64-debian-gcc | 1.0.0 | 1.36 | 23.32 | 24.68 | NOTE | |
r-devel-linux-x86_64-fedora-clang | 1.0.0 | 46.97 | OK | |||
r-devel-linux-x86_64-fedora-gcc | 1.0.0 | 59.83 | OK | |||
r-devel-windows-x86_64 | 1.0.0 | 4.00 | 49.00 | 53.00 | OK | |
r-patched-linux-x86_64 | 1.0.0 | 2.04 | 26.71 | 28.75 | OK | |
r-release-linux-x86_64 | OK | |||||
r-release-macos-arm64 | 1.0.0 | 28.00 | OK | |||
r-release-macos-x86_64 | 1.0.0 | 43.00 | OK | |||
r-release-windows-x86_64 | 1.0.0 | 3.00 | 57.00 | 60.00 | OK | |
r-oldrel-macos-arm64 | 1.0.0 | 24.00 | OK | |||
r-oldrel-macos-x86_64 | 1.0.0 | 35.00 | OK | |||
r-oldrel-windows-x86_64 | 1.0.0 | 4.00 | 54.00 | 58.00 | OK |
Version: 1.0.0
Check: CRAN incoming feasibility
Result: NOTE
Maintainer: ‘Pablo Rodriguez-Sanchez <pablo.rodriguez.sanchez@gmail.com>’
No Authors@R field in DESCRIPTION.
Please add one, modifying
Authors@R: c(person(given = "Pablo",
family = "Rodriguez-Sanchez",
role = c("aut", "cre"),
email = "pablo.rodriguez.sanchez@gmail.com",
comment = "https://pabrod.github.io"),
person(given = c("Sanne", "J.", "P."),
family = "van den Berg",
role = "aut",
comment = "https://www.wur.nl/en/Persons/Sanne-dr.-SJP-Sanne-van-den-Berg.htm"))
as necessary.
Flavors: r-devel-linux-x86_64-debian-clang, r-devel-linux-x86_64-debian-gcc
These binaries (installable software) and packages are in development.
They may not be fully stable and should be used with caution. We make no claims about them.