Last updated on 2024-07-27 15:50:22 CEST.
Flavor | Version | Tinstall | Tcheck | Ttotal | Status | Flags |
---|---|---|---|---|---|---|
r-devel-linux-x86_64-debian-clang | 0.0.18 | 12.23 | 32.32 | 44.55 | NOTE | |
r-devel-linux-x86_64-debian-gcc | 0.0.18 | NOTE | ||||
r-devel-linux-x86_64-fedora-clang | 0.0.18 | 62.56 | NOTE | |||
r-devel-linux-x86_64-fedora-gcc | 0.0.18 | 68.04 | NOTE | |||
r-devel-windows-x86_64 | 0.0.18 | 35.00 | 54.00 | 89.00 | NOTE | |
r-patched-linux-x86_64 | 0.0.18 | OK | ||||
r-release-linux-x86_64 | 0.0.18 | 15.23 | 32.14 | 47.37 | OK | |
r-release-macos-arm64 | 0.0.18 | 25.00 | OK | |||
r-release-macos-x86_64 | 0.0.18 | 47.00 | OK | |||
r-release-windows-x86_64 | 0.0.18 | 37.00 | 53.00 | 90.00 | OK | |
r-oldrel-macos-arm64 | 0.0.18 | 29.00 | OK | |||
r-oldrel-macos-x86_64 | 0.0.18 | 54.00 | OK | |||
r-oldrel-windows-x86_64 | 0.0.18 | 33.00 | 57.00 | 90.00 | OK |
Version: 0.0.18
Check: compiled code
Result: NOTE
File ‘kit/libs/kit.so’:
Found non-API call to R: ‘STRING_PTR’
Compiled code should not call non-API entry points in R.
See ‘Writing portable packages’ in the ‘Writing R Extensions’ manual,
and section ‘Moving into C API compliance’ for issues with the use of
non-API entry points.
Flavors: r-devel-linux-x86_64-debian-clang, r-devel-linux-x86_64-debian-gcc, r-devel-linux-x86_64-fedora-clang, r-devel-linux-x86_64-fedora-gcc
Version: 0.0.18
Check: compiled code
Result: NOTE
File 'kit/libs/x64/kit.dll':
Found non-API call to R: 'STRING_PTR'
Compiled code should not call non-API entry points in R.
See 'Writing portable packages' in the 'Writing R Extensions' manual,
and section 'Moving into C API compliance' for issues with the use of
non-API entry points.
Flavor: r-devel-windows-x86_64
These binaries (installable software) and packages are in development.
They may not be fully stable and should be used with caution. We make no claims about them.