Last updated on 2025-02-16 08:50:50 CET.
Flavor | Version | Tinstall | Tcheck | Ttotal | Status | Flags |
---|---|---|---|---|---|---|
r-devel-linux-x86_64-debian-clang | 1.3.1 | 8.38 | 66.92 | 75.30 | NOTE | |
r-devel-linux-x86_64-debian-gcc | 1.3.1 | 6.56 | 48.53 | 55.09 | NOTE | |
r-devel-linux-x86_64-fedora-clang | 1.3.1 | 121.82 | NOTE | |||
r-devel-linux-x86_64-fedora-gcc | 1.3.1 | 112.13 | NOTE | |||
r-devel-macos-arm64 | 1.3.1 | 36.00 | OK | |||
r-devel-macos-x86_64 | 1.3.1 | 70.00 | OK | |||
r-devel-windows-x86_64 | 1.3.1 | 13.00 | 79.00 | 92.00 | NOTE | |
r-patched-linux-x86_64 | 1.3.1 | 10.98 | 64.37 | 75.35 | OK | |
r-release-linux-x86_64 | 1.3.1 | 7.64 | 63.24 | 70.88 | OK | |
r-release-macos-arm64 | 1.3.1 | 33.00 | OK | |||
r-release-macos-x86_64 | 1.3.1 | 65.00 | OK | |||
r-release-windows-x86_64 | 1.3.1 | 11.00 | 85.00 | 96.00 | OK | |
r-oldrel-macos-arm64 | 1.3.1 | 35.00 | OK | |||
r-oldrel-macos-x86_64 | 1.3.1 | 63.00 | OK | |||
r-oldrel-windows-x86_64 | 1.3.1 | 13.00 | 94.00 | 107.00 | OK |
Version: 1.3.1
Check: Rd cross-references
Result: NOTE
Found the following Rd file(s) with Rd \link{} targets missing package
anchors:
specClust.Rd: arpack
Please provide package anchors for all Rd \link{} targets not in the
package itself and the base packages.
Flavors: r-devel-linux-x86_64-debian-clang, r-devel-linux-x86_64-debian-gcc, r-devel-windows-x86_64
Version: 1.3.1
Check: compiled code
Result: NOTE
File ‘kknn/libs/kknn.so’:
Found no calls to: ‘R_registerRoutines’, ‘R_useDynamicSymbols’
It is good practice to register native routines and to disable symbol
search.
See ‘Writing portable packages’ in the ‘Writing R Extensions’ manual.
Flavors: r-devel-linux-x86_64-fedora-clang, r-devel-linux-x86_64-fedora-gcc
These binaries (installable software) and packages are in development.
They may not be fully stable and should be used with caution. We make no claims about them.