CRAN Package Check Results for Package kko

Last updated on 2025-11-11 15:50:37 CET.

Flavor Version Tinstall Tcheck Ttotal Status Flags
r-devel-linux-x86_64-debian-clang 1.0.1 6.42 62.54 68.96 NOTE
r-devel-linux-x86_64-debian-gcc 1.0.1 5.00 47.16 52.16 NOTE
r-devel-linux-x86_64-fedora-clang 1.0.1 26.00 84.41 110.41 OK
r-devel-linux-x86_64-fedora-gcc 1.0.1 14.00 93.80 107.80 OK
r-devel-windows-x86_64 1.0.1 9.00 89.00 98.00 OK
r-patched-linux-x86_64 1.0.1 6.37 59.37 65.74 OK
r-release-linux-x86_64 1.0.1 6.19 58.27 64.46 OK
r-release-macos-arm64 1.0.1 3.00 51.00 54.00 OK
r-release-macos-x86_64 1.0.1 6.00 97.00 103.00 OK
r-release-windows-x86_64 1.0.1 8.00 90.00 98.00 OK
r-oldrel-macos-arm64 1.0.1 3.00 41.00 44.00 OK
r-oldrel-macos-x86_64 1.0.1 4.00 66.00 70.00 OK
r-oldrel-windows-x86_64 1.0.1 9.00 114.00 123.00 OK

Check Details

Version: 1.0.1
Check: CRAN incoming feasibility
Result: NOTE Maintainer: ‘Xiang Lyu <xianglyu@berkeley.edu>’ The Description field contains Nonparametric Additive Models”. arXiv preprint <arXiv:2105.11659>. Please refer to arXiv e-prints via their arXiv DOI <doi:10.48550/arXiv.YYMM.NNNNN>. Flavors: r-devel-linux-x86_64-debian-clang, r-devel-linux-x86_64-debian-gcc

These binaries (installable software) and packages are in development.
They may not be fully stable and should be used with caution. We make no claims about them.