CRAN Package Check Results for Package klaR

Last updated on 2025-11-12 12:53:13 CET.

Flavor Version Tinstall Tcheck Ttotal Status Flags
r-devel-linux-x86_64-debian-clang 1.7-3 13.41 109.45 122.86 NOTE
r-devel-linux-x86_64-debian-gcc 1.7-3 7.84 73.31 81.15 NOTE
r-devel-linux-x86_64-fedora-clang 1.7-3 66.00 137.40 203.40 OK
r-devel-linux-x86_64-fedora-gcc 1.7-3 26.00 151.84 177.84 OK
r-devel-windows-x86_64 1.7-3 14.00 121.00 135.00 OK
r-patched-linux-x86_64 1.7-3 11.54 102.93 114.47 OK
r-release-linux-x86_64 1.7-3 12.02 102.38 114.40 OK
r-release-macos-arm64 1.7-3 5.00 44.00 49.00 OK
r-release-macos-x86_64 1.7-3 10.00 90.00 100.00 OK
r-release-windows-x86_64 1.7-3 14.00 118.00 132.00 OK
r-oldrel-macos-arm64 1.7-3 6.00 44.00 50.00 OK
r-oldrel-macos-x86_64 1.7-3 8.00 65.00 73.00 OK
r-oldrel-windows-x86_64 1.7-3 18.00 147.00 165.00 OK

Check Details

Version: 1.7-3
Check: CRAN incoming feasibility
Result: NOTE Maintainer: ‘Uwe Ligges <ligges@statistik.tu-dortmund.de>’ No Authors@R field in DESCRIPTION. Please add one, modifying Authors@R: c(person(given = "Christian", family = "Roever", role = "aut"), person(given = "Nils", family = "Raabe", role = "aut"), person(given = "Karsten", family = "Luebke", role = "aut"), person(given = "Uwe", family = "Ligges", role = c("aut", "cre"), email = "ligges@statistik.tu-dortmund.de"), person(given = "Gero", family = "Szepannek", role = "aut"), person(given = "Marc", family = "Zentgraf", role = "aut"), person(given = "David", family = "Meyer", role = "aut")) as necessary. Flavors: r-devel-linux-x86_64-debian-clang, r-devel-linux-x86_64-debian-gcc

These binaries (installable software) and packages are in development.
They may not be fully stable and should be used with caution. We make no claims about them.