Last updated on 2025-05-01 14:49:13 CEST.
Flavor | Version | Tinstall | Tcheck | Ttotal | Status | Flags |
---|---|---|---|---|---|---|
r-devel-linux-x86_64-debian-clang | 1.7-3 | 12.64 | 107.65 | 120.29 | NOTE | |
r-devel-linux-x86_64-debian-gcc | 1.7-3 | 7.92 | 69.80 | 77.72 | NOTE | |
r-devel-linux-x86_64-fedora-clang | 1.7-3 | 188.61 | OK | |||
r-devel-linux-x86_64-fedora-gcc | 1.7-3 | 182.05 | OK | |||
r-devel-windows-x86_64 | 1.7-3 | 14.00 | 127.00 | 141.00 | OK | |
r-patched-linux-x86_64 | 1.7-3 | 15.84 | 99.75 | 115.59 | OK | |
r-release-linux-x86_64 | OK | |||||
r-release-macos-arm64 | 1.7-3 | 49.00 | OK | |||
r-release-macos-x86_64 | 1.7-3 | 100.00 | OK | |||
r-release-windows-x86_64 | 1.7-3 | 14.00 | 139.00 | 153.00 | OK | |
r-oldrel-macos-arm64 | 1.7-3 | 50.00 | OK | |||
r-oldrel-macos-x86_64 | 1.7-3 | 73.00 | OK | |||
r-oldrel-windows-x86_64 | 1.7-3 | 18.00 | 148.00 | 166.00 | OK |
Version: 1.7-3
Check: CRAN incoming feasibility
Result: NOTE
Maintainer: ‘Uwe Ligges <ligges@statistik.tu-dortmund.de>’
No Authors@R field in DESCRIPTION.
Please add one, modifying
Authors@R: c(person(given = "Christian",
family = "Roever",
role = "aut"),
person(given = "Nils",
family = "Raabe",
role = "aut"),
person(given = "Karsten",
family = "Luebke",
role = "aut"),
person(given = "Uwe",
family = "Ligges",
role = c("aut", "cre"),
email = "ligges@statistik.tu-dortmund.de"),
person(given = "Gero",
family = "Szepannek",
role = "aut"),
person(given = "Marc",
family = "Zentgraf",
role = "aut"),
person(given = "David",
family = "Meyer",
role = "aut"))
as necessary.
Flavors: r-devel-linux-x86_64-debian-clang, r-devel-linux-x86_64-debian-gcc
These binaries (installable software) and packages are in development.
They may not be fully stable and should be used with caution. We make no claims about them.