Last updated on 2025-02-16 08:50:50 CET.
Flavor | Version | Tinstall | Tcheck | Ttotal | Status | Flags |
---|---|---|---|---|---|---|
r-devel-linux-x86_64-debian-clang | 0.12-14 | 6.37 | 41.88 | 48.25 | NOTE | |
r-devel-linux-x86_64-debian-gcc | 0.12-14 | 4.45 | 30.12 | 34.57 | NOTE | |
r-devel-linux-x86_64-fedora-clang | 0.12-14 | 78.75 | NOTE | |||
r-devel-linux-x86_64-fedora-gcc | 0.12-14 | 72.15 | NOTE | |||
r-devel-macos-arm64 | 0.12-14 | 25.00 | NOTE | |||
r-devel-macos-x86_64 | 0.12-14 | 44.00 | NOTE | |||
r-devel-windows-x86_64 | 0.12-14 | 7.00 | 69.00 | 76.00 | NOTE | |
r-patched-linux-x86_64 | 0.12-14 | 5.52 | 40.39 | 45.91 | NOTE | |
r-release-linux-x86_64 | 0.12-14 | 6.06 | 40.44 | 46.50 | NOTE | |
r-release-macos-arm64 | 0.12-14 | 25.00 | NOTE | |||
r-release-macos-x86_64 | 0.12-14 | 37.00 | NOTE | |||
r-release-windows-x86_64 | 0.12-14 | 8.00 | 67.00 | 75.00 | NOTE | |
r-oldrel-macos-arm64 | 0.12-14 | 26.00 | NOTE | |||
r-oldrel-macos-x86_64 | 0.12-14 | 39.00 | NOTE | |||
r-oldrel-windows-x86_64 | 0.12-14 | 10.00 | 98.00 | 108.00 | NOTE |
Version: 0.12-14
Check: Rd files
Result: NOTE
checkRd: (-1) klausuR.answ-class.Rd:17: Lost braces in \itemize; meant \describe ?
checkRd: (-1) klausuR.answ-class.Rd:18-22: Lost braces in \itemize; meant \describe ?
checkRd: (-1) klausuR.answ-class.Rd:23-24: Lost braces in \itemize; meant \describe ?
checkRd: (-1) klausuR.answ-class.Rd:34: Lost braces in \itemize; meant \describe ?
checkRd: (-1) klausuR.answ-class.Rd:35: Lost braces in \itemize; meant \describe ?
checkRd: (-1) klausuR.answ-class.Rd:36-37: Lost braces in \itemize; meant \describe ?
checkRd: (-1) klausur.Rd:107-109: Lost braces in \itemize; meant \describe ?
checkRd: (-1) klausur.Rd:110-111: Lost braces in \itemize; meant \describe ?
checkRd: (-1) klausur.Rd:112-113: Lost braces in \itemize; meant \describe ?
checkRd: (-1) klausur.Rd:114-116: Lost braces in \itemize; meant \describe ?
checkRd: (-1) klausur.Rd:117-118: Lost braces in \itemize; meant \describe ?
checkRd: (-1) klausur.Rd:119-120: Lost braces in \itemize; meant \describe ?
checkRd: (-1) klausur.Rd:121-123: Lost braces in \itemize; meant \describe ?
checkRd: (-1) klausur.Rd:124-126: Lost braces in \itemize; meant \describe ?
checkRd: (-1) klausur.Rd:147: Lost braces in \itemize; meant \describe ?
checkRd: (-1) klausur.Rd:148: Lost braces in \itemize; meant \describe ?
checkRd: (-1) klausur.Rd:149: Lost braces in \itemize; meant \describe ?
checkRd: (-1) klausur.Rd:150: Lost braces in \itemize; meant \describe ?
checkRd: (-1) klausur.Rd:151: Lost braces in \itemize; meant \describe ?
checkRd: (-1) klausur.Rd:152-155: Lost braces in \itemize; meant \describe ?
Flavors: r-devel-linux-x86_64-debian-clang, r-devel-linux-x86_64-debian-gcc, r-devel-linux-x86_64-fedora-clang, r-devel-linux-x86_64-fedora-gcc, r-devel-macos-arm64, r-devel-macos-x86_64, r-devel-windows-x86_64, r-patched-linux-x86_64, r-release-linux-x86_64, r-release-macos-arm64, r-release-macos-x86_64, r-release-windows-x86_64
Version: 0.12-14
Check: package dependencies
Result: NOTE
Package which this enhances but not available for checking: ‘rkward’
Flavors: r-patched-linux-x86_64, r-release-linux-x86_64, r-release-macos-arm64, r-release-macos-x86_64, r-release-windows-x86_64, r-oldrel-macos-arm64, r-oldrel-macos-x86_64, r-oldrel-windows-x86_64
These binaries (installable software) and packages are in development.
They may not be fully stable and should be used with caution. We make no claims about them.