Last updated on 2025-10-23 23:49:33 CEST.
| Flavor | Version | Tinstall | Tcheck | Ttotal | Status | Flags |
|---|---|---|---|---|---|---|
| r-devel-linux-x86_64-debian-clang | 1.0.4 | 3.02 | 28.88 | 31.90 | NOTE | |
| r-devel-linux-x86_64-debian-gcc | 1.0.4 | 1.85 | 22.93 | 24.78 | NOTE | |
| r-devel-linux-x86_64-fedora-clang | 1.0.4 | 11.00 | 38.29 | 49.29 | OK | |
| r-devel-linux-x86_64-fedora-gcc | 1.0.4 | 57.62 | OK | |||
| r-devel-windows-x86_64 | 1.0.4 | 4.00 | 48.00 | 52.00 | OK | |
| r-patched-linux-x86_64 | 1.0.4 | 2.53 | 26.11 | 28.64 | OK | |
| r-release-linux-x86_64 | 1.0.4 | 2.30 | 26.19 | 28.49 | OK | |
| r-release-macos-arm64 | 1.0.4 | 1.00 | 22.00 | 23.00 | OK | |
| r-release-macos-x86_64 | 1.0.4 | 2.00 | 39.00 | 41.00 | OK | |
| r-release-windows-x86_64 | 1.0.4 | 4.00 | 48.00 | 52.00 | OK | |
| r-oldrel-macos-arm64 | 1.0.4 | 1.00 | 23.00 | 24.00 | NOTE | |
| r-oldrel-macos-x86_64 | 1.0.4 | 2.00 | 33.00 | 35.00 | NOTE | |
| r-oldrel-windows-x86_64 | 1.0.4 | 6.00 | 54.00 | 60.00 | NOTE |
Version: 1.0.4
Check: CRAN incoming feasibility
Result: NOTE
Maintainer: ‘Alessandra Cabassi <alessandra.cabassi@mrc-bsu.cam.ac.uk>’
Package CITATION file contains call(s) to old-style personList() or
as.personList(). Please use c() on person objects instead.
Package CITATION file contains call(s) to old-style citEntry(). Please
use bibentry() instead.
Flavors: r-devel-linux-x86_64-debian-clang, r-devel-linux-x86_64-debian-gcc
Version: 1.0.4
Check: LazyData
Result: NOTE
'LazyData' is specified without a 'data' directory
Flavors: r-oldrel-macos-arm64, r-oldrel-macos-x86_64, r-oldrel-windows-x86_64
These binaries (installable software) and packages are in development.
They may not be fully stable and should be used with caution. We make no claims about them.