CRAN Package Check Results for Package klic

Last updated on 2025-02-16 08:50:50 CET.

Flavor Version Tinstall Tcheck Ttotal Status Flags
r-devel-linux-x86_64-debian-clang 1.0.4 2.53 25.22 27.75 OK
r-devel-linux-x86_64-debian-gcc 1.0.4 2.02 19.33 21.35 OK
r-devel-linux-x86_64-fedora-clang 1.0.4 46.26 OK
r-devel-linux-x86_64-fedora-gcc 1.0.4 57.33 OK
r-devel-macos-arm64 1.0.4 24.00 OK
r-devel-macos-x86_64 1.0.4 41.00 OK
r-devel-windows-x86_64 1.0.4 4.00 49.00 53.00 OK
r-patched-linux-x86_64 1.0.4 2.79 24.16 26.95 NOTE
r-release-linux-x86_64 1.0.4 2.66 23.59 26.25 NOTE
r-release-macos-arm64 1.0.4 24.00 NOTE
r-release-macos-x86_64 1.0.4 35.00 NOTE
r-release-windows-x86_64 1.0.4 4.00 50.00 54.00 NOTE
r-oldrel-macos-arm64 1.0.4 26.00 NOTE
r-oldrel-macos-x86_64 1.0.4 35.00 NOTE
r-oldrel-windows-x86_64 1.0.4 5.00 77.00 82.00 NOTE

Check Details

Version: 1.0.4
Check: LazyData
Result: NOTE 'LazyData' is specified without a 'data' directory Flavors: r-patched-linux-x86_64, r-release-linux-x86_64, r-release-macos-arm64, r-release-macos-x86_64, r-release-windows-x86_64, r-oldrel-macos-arm64, r-oldrel-macos-x86_64, r-oldrel-windows-x86_64

These binaries (installable software) and packages are in development.
They may not be fully stable and should be used with caution. We make no claims about them.