Last updated on 2025-10-23 11:50:17 CEST.
Flavor | Version | Tinstall | Tcheck | Ttotal | Status | Flags |
---|---|---|---|---|---|---|
r-devel-linux-x86_64-debian-clang | 0.1.0 | 10.96 | 112.40 | 123.36 | OK | |
r-devel-linux-x86_64-debian-gcc | 0.1.0 | 7.49 | 79.93 | 87.42 | OK | |
r-devel-linux-x86_64-fedora-clang | 0.1.0 | 51.00 | 161.35 | 212.35 | OK | |
r-devel-linux-x86_64-fedora-gcc | 0.1.0 | 21.00 | 167.91 | 188.91 | OK | |
r-devel-windows-x86_64 | 0.1.0 | 12.00 | 126.00 | 138.00 | OK | |
r-patched-linux-x86_64 | 0.1.0 | 9.42 | 110.08 | 119.50 | OK | |
r-release-linux-x86_64 | 0.1.0 | 9.00 | 108.77 | 117.77 | OK | |
r-release-macos-arm64 | 0.1.0 | 3.00 | 48.00 | 51.00 | OK | |
r-release-macos-x86_64 | 0.1.0 | 11.00 | 116.00 | 127.00 | OK | |
r-release-windows-x86_64 | 0.1.0 | 11.00 | 121.00 | 132.00 | OK | |
r-oldrel-macos-arm64 | 0.1.0 | 4.00 | 48.00 | 52.00 | NOTE | |
r-oldrel-macos-x86_64 | 0.1.0 | 6.00 | 71.00 | 77.00 | NOTE | |
r-oldrel-windows-x86_64 | 0.1.0 | 17.00 | 157.00 | 174.00 | NOTE |
Version: 0.1.0
Check: package dependencies
Result: NOTE
Package suggested but not available for checking: ‘RGeostats’
Flavors: r-oldrel-macos-arm64, r-oldrel-macos-x86_64, r-oldrel-windows-x86_64
These binaries (installable software) and packages are in development.
They may not be fully stable and should be used with caution. We make no claims about them.