Last updated on 2024-07-27 15:50:22 CEST.
Flavor | Version | Tinstall | Tcheck | Ttotal | Status | Flags |
---|---|---|---|---|---|---|
r-devel-linux-x86_64-debian-clang | 0.1.0 | 1.88 | 241.86 | 243.74 | NOTE | |
r-devel-linux-x86_64-debian-gcc | 0.1.0 | NOTE | ||||
r-devel-linux-x86_64-fedora-clang | 0.1.0 | 288.18 | NOTE | |||
r-devel-linux-x86_64-fedora-gcc | 0.1.0 | 297.73 | NOTE | |||
r-devel-windows-x86_64 | 0.1.0 | 4.00 | 194.00 | 198.00 | NOTE | |
r-patched-linux-x86_64 | 0.1.0 | NOTE | ||||
r-release-linux-x86_64 | 0.1.0 | 2.69 | 231.38 | 234.07 | NOTE | |
r-release-macos-arm64 | 0.1.0 | 80.00 | NOTE | |||
r-release-macos-x86_64 | 0.1.0 | 135.00 | NOTE | |||
r-release-windows-x86_64 | 0.1.0 | 3.00 | 201.00 | 204.00 | NOTE | |
r-oldrel-macos-arm64 | 0.1.0 | 87.00 | NOTE | |||
r-oldrel-macos-x86_64 | 0.1.0 | 159.00 | NOTE | |||
r-oldrel-windows-x86_64 | 0.1.0 | 4.00 | 234.00 | 238.00 | NOTE |
Version: 0.1.0
Check: LazyData
Result: NOTE
'LazyData' is specified without a 'data' directory
Flavors: r-devel-linux-x86_64-debian-clang, r-devel-linux-x86_64-debian-gcc, r-devel-linux-x86_64-fedora-clang, r-devel-linux-x86_64-fedora-gcc, r-devel-windows-x86_64, r-patched-linux-x86_64, r-release-linux-x86_64, r-release-macos-arm64, r-release-macos-x86_64, r-release-windows-x86_64, r-oldrel-macos-arm64, r-oldrel-macos-x86_64, r-oldrel-windows-x86_64
Version: 0.1.0
Check: dependencies in R code
Result: NOTE
Namespaces in Imports field not imported from:
‘Rcpp’ ‘SnowballC’ ‘stringi’
All declared Imports should be used.
Flavors: r-devel-linux-x86_64-fedora-clang, r-devel-linux-x86_64-fedora-gcc
These binaries (installable software) and packages are in development.
They may not be fully stable and should be used with caution. We make no claims about them.