Last updated on 2025-05-01 08:52:36 CEST.
Flavor | Version | Tinstall | Tcheck | Ttotal | Status | Flags |
---|---|---|---|---|---|---|
r-devel-linux-x86_64-debian-clang | 0.1.0 | 2.22 | 175.83 | 178.05 | OK | |
r-devel-linux-x86_64-debian-gcc | 0.1.0 | 1.89 | 105.57 | 107.46 | OK | |
r-devel-linux-x86_64-fedora-clang | 0.1.0 | 287.38 | NOTE | |||
r-devel-linux-x86_64-fedora-gcc | 0.1.0 | 314.16 | NOTE | |||
r-devel-windows-x86_64 | 0.1.0 | 4.00 | 197.00 | 201.00 | OK | |
r-patched-linux-x86_64 | 0.1.0 | 2.39 | 169.54 | 171.93 | OK | |
r-release-linux-x86_64 | OK | |||||
r-release-macos-arm64 | 0.1.0 | 100.00 | OK | |||
r-release-macos-x86_64 | 0.1.0 | 208.00 | OK | |||
r-release-windows-x86_64 | 0.1.0 | 4.00 | 200.00 | 204.00 | OK | |
r-oldrel-macos-arm64 | 0.1.0 | 80.00 | NOTE | |||
r-oldrel-macos-x86_64 | 0.1.0 | 135.00 | NOTE | |||
r-oldrel-windows-x86_64 | 0.1.0 | 4.00 | 262.00 | 266.00 | NOTE |
Version: 0.1.0
Check: dependencies in R code
Result: NOTE
Namespaces in Imports field not imported from:
‘Rcpp’ ‘SnowballC’ ‘stringi’
All declared Imports should be used.
Flavors: r-devel-linux-x86_64-fedora-clang, r-devel-linux-x86_64-fedora-gcc
Version: 0.1.0
Check: LazyData
Result: NOTE
'LazyData' is specified without a 'data' directory
Flavors: r-oldrel-macos-arm64, r-oldrel-macos-x86_64, r-oldrel-windows-x86_64
These binaries (installable software) and packages are in development.
They may not be fully stable and should be used with caution. We make no claims about them.