CRAN Package Check Results for Package kmBlock

Last updated on 2025-02-16 08:50:50 CET.

Flavor Version Tinstall Tcheck Ttotal Status Flags
r-devel-linux-x86_64-debian-clang 0.1.2 26.86 58.30 85.16 NOTE
r-devel-linux-x86_64-debian-gcc 0.1.2 19.33 43.43 62.76 NOTE
r-devel-linux-x86_64-fedora-clang 0.1.2 147.74 OK
r-devel-linux-x86_64-fedora-gcc 0.1.2 142.15 OK
r-devel-macos-arm64 0.1.2 39.00 OK
r-devel-macos-x86_64 0.1.2 87.00 OK
r-devel-windows-x86_64 0.1.2 30.00 88.00 118.00 NOTE
r-patched-linux-x86_64 0.1.2 27.21 55.85 83.06 OK
r-release-linux-x86_64 0.1.2 26.46 54.90 81.36 OK
r-release-macos-arm64 0.1.2 39.00 OK
r-release-macos-x86_64 0.1.2 81.00 OK
r-release-windows-x86_64 0.1.2 29.00 94.00 123.00 OK
r-oldrel-macos-arm64 0.1.2 60.00 OK
r-oldrel-macos-x86_64 0.1.2 107.00 OK
r-oldrel-windows-x86_64 0.1.2 35.00 121.00 156.00 OK

Check Details

Version: 0.1.2
Check: Rd cross-references
Result: NOTE Found the following Rd file(s) with Rd \link{} targets missing package anchors: kmBlockORPC.Rd: genRandomPar Please provide package anchors for all Rd \link{} targets not in the package itself and the base packages. Flavors: r-devel-linux-x86_64-debian-clang, r-devel-linux-x86_64-debian-gcc, r-devel-windows-x86_64

These binaries (installable software) and packages are in development.
They may not be fully stable and should be used with caution. We make no claims about them.