Last updated on 2025-05-01 08:52:36 CEST.
Flavor | Version | Tinstall | Tcheck | Ttotal | Status | Flags |
---|---|---|---|---|---|---|
r-devel-linux-x86_64-debian-clang | 0.1.2 | 26.67 | 58.19 | 84.86 | NOTE | |
r-devel-linux-x86_64-debian-gcc | 0.1.2 | 17.95 | 44.66 | 62.61 | NOTE | |
r-devel-linux-x86_64-fedora-clang | 0.1.2 | 141.01 | OK | |||
r-devel-linux-x86_64-fedora-gcc | 0.1.2 | 138.85 | OK | |||
r-devel-windows-x86_64 | 0.1.2 | 31.00 | 92.00 | 123.00 | NOTE | |
r-patched-linux-x86_64 | 0.1.2 | 26.15 | 55.75 | 81.90 | NOTE | |
r-release-linux-x86_64 | NOTE | |||||
r-release-macos-arm64 | 0.1.2 | 41.00 | OK | |||
r-release-macos-x86_64 | 0.1.2 | 79.00 | OK | |||
r-release-windows-x86_64 | 0.1.2 | 34.00 | 97.00 | 131.00 | NOTE | |
r-oldrel-macos-arm64 | 0.1.2 | 39.00 | OK | |||
r-oldrel-macos-x86_64 | 0.1.2 | 81.00 | OK | |||
r-oldrel-windows-x86_64 | 0.1.2 | 36.00 | 110.00 | 146.00 | OK |
Version: 0.1.2
Check: Rd cross-references
Result: NOTE
Found the following Rd file(s) with Rd \link{} targets missing package
anchors:
kmBlockORPC.Rd: genRandomPar
Please provide package anchors for all Rd \link{} targets not in the
package itself and the base packages.
Flavors: r-devel-linux-x86_64-debian-clang, r-devel-linux-x86_64-debian-gcc, r-devel-windows-x86_64, r-patched-linux-x86_64, r-release-linux-x86_64, r-release-windows-x86_64
These binaries (installable software) and packages are in development.
They may not be fully stable and should be used with caution. We make no claims about them.