Last updated on 2025-05-01 08:52:36 CEST.
Flavor | Version | Tinstall | Tcheck | Ttotal | Status | Flags |
---|---|---|---|---|---|---|
r-devel-linux-x86_64-debian-clang | 1.0 | 87.95 | 184.70 | 272.65 | OK | |
r-devel-linux-x86_64-debian-gcc | 1.0 | 61.24 | 132.79 | 194.03 | OK | |
r-devel-linux-x86_64-fedora-clang | 1.0 | 486.44 | OK | |||
r-devel-linux-x86_64-fedora-gcc | 1.0 | 420.75 | OK | |||
r-devel-windows-x86_64 | 1.0 | 103.00 | 216.00 | 319.00 | OK | |
r-patched-linux-x86_64 | 1.0 | 84.42 | 171.80 | 256.22 | OK | |
r-release-linux-x86_64 | OK | |||||
r-release-macos-arm64 | 1.0 | 153.00 | OK | |||
r-release-macos-x86_64 | 1.0 | 226.00 | OK | |||
r-release-windows-x86_64 | 1.0 | 106.00 | 220.00 | 326.00 | OK | |
r-oldrel-macos-arm64 | 1.0 | 122.00 | NOTE | |||
r-oldrel-macos-x86_64 | 1.0 | 287.00 | NOTE | |||
r-oldrel-windows-x86_64 | 1.0 | 116.00 | 251.00 | 367.00 | NOTE |
Version: 1.0
Check: installed package size
Result: NOTE
installed size is 5.4Mb
sub-directories of 1Mb or more:
libs 3.8Mb
Flavors: r-oldrel-macos-arm64, r-oldrel-macos-x86_64
Version: 1.0
Check: for GNU extensions in Makefiles
Result: NOTE
GNU make is a SystemRequirements.
Flavors: r-oldrel-macos-arm64, r-oldrel-macos-x86_64, r-oldrel-windows-x86_64
These binaries (installable software) and packages are in development.
They may not be fully stable and should be used with caution. We make no claims about them.