Last updated on 2025-02-23 01:51:43 CET.
Flavor | Version | Tinstall | Tcheck | Ttotal | Status | Flags |
---|---|---|---|---|---|---|
r-devel-linux-x86_64-debian-clang | 1.0.1.9 | 23.01 | 142.48 | 165.49 | OK | |
r-devel-linux-x86_64-debian-gcc | 1.0.1.9 | 14.07 | 99.24 | 113.31 | OK | |
r-devel-linux-x86_64-fedora-clang | 1.0.1.9 | 257.53 | OK | |||
r-devel-linux-x86_64-fedora-gcc | 1.0.1.9 | 258.97 | OK | |||
r-devel-macos-arm64 | 1.0.1.9 | 90.00 | OK | |||
r-devel-macos-x86_64 | 1.0.1.9 | 144.00 | OK | |||
r-devel-windows-x86_64 | 1.0.1.9 | 22.00 | 134.00 | 156.00 | OK | |
r-patched-linux-x86_64 | 1.0.1.9 | 20.36 | 129.62 | 149.98 | NOTE | |
r-release-linux-x86_64 | 1.0.1.9 | 22.17 | 129.95 | 152.12 | NOTE | |
r-release-macos-arm64 | 1.0.1.9 | 69.00 | NOTE | |||
r-release-macos-x86_64 | 1.0.1.9 | 108.00 | NOTE | |||
r-release-windows-x86_64 | 1.0.1.9 | 21.00 | 131.00 | 152.00 | NOTE | |
r-oldrel-macos-arm64 | 1.0.1.9 | 76.00 | NOTE | |||
r-oldrel-macos-x86_64 | 1.0.1.9 | 141.00 | NOTE | |||
r-oldrel-windows-x86_64 | 1.0.1.9 | 28.00 | 166.00 | 194.00 | NOTE |
Version: 1.0.1.9
Check: package dependencies
Result: NOTE
Package suggested but not available for checking: ‘kadmin’
Flavors: r-patched-linux-x86_64, r-release-linux-x86_64, r-release-macos-arm64, r-release-macos-x86_64, r-release-windows-x86_64, r-oldrel-macos-arm64, r-oldrel-macos-x86_64, r-oldrel-windows-x86_64
These binaries (installable software) and packages are in development.
They may not be fully stable and should be used with caution. We make no claims about them.