CRAN Package Check Results for Package knitLatex

Last updated on 2025-02-19 16:50:52 CET.

Flavor Version Tinstall Tcheck Ttotal Status Flags
r-devel-linux-x86_64-debian-clang 0.9.0 1.62 20.33 21.95 OK
r-devel-linux-x86_64-debian-gcc 0.9.0 1.29 16.60 17.89 OK
r-devel-linux-x86_64-fedora-clang 0.9.0 36.71 OK
r-devel-linux-x86_64-fedora-gcc 0.9.0 60.36 OK
r-devel-macos-arm64 0.9.0 30.00 OK
r-devel-macos-x86_64 0.9.0 49.00 OK
r-devel-windows-x86_64 0.9.0 3.00 46.00 49.00 OK
r-patched-linux-x86_64 0.9.0 1.26 19.86 21.12 NOTE
r-release-linux-x86_64 0.9.0 1.57 19.50 21.07 NOTE
r-release-macos-arm64 0.9.0 27.00 NOTE
r-release-macos-x86_64 0.9.0 59.00 NOTE
r-release-windows-x86_64 0.9.0 3.00 44.00 47.00 NOTE
r-oldrel-macos-arm64 0.9.0 27.00 NOTE
r-oldrel-macos-x86_64 0.9.0 41.00 NOTE
r-oldrel-windows-x86_64 0.9.0 3.00 45.00 48.00 NOTE

Check Details

Version: 0.9.0
Check: LazyData
Result: NOTE 'LazyData' is specified without a 'data' directory Flavors: r-patched-linux-x86_64, r-release-linux-x86_64, r-release-macos-arm64, r-release-macos-x86_64, r-release-windows-x86_64, r-oldrel-macos-arm64, r-oldrel-macos-x86_64, r-oldrel-windows-x86_64

These binaries (installable software) and packages are in development.
They may not be fully stable and should be used with caution. We make no claims about them.