Last updated on 2025-11-13 21:50:00 CET.
| Flavor | Version | Tinstall | Tcheck | Ttotal | Status | Flags |
|---|---|---|---|---|---|---|
| r-devel-linux-x86_64-debian-clang | 0.9.0 | 1.19 | 24.96 | 26.15 | OK | |
| r-devel-linux-x86_64-debian-gcc | 0.9.0 | 1.20 | 19.24 | 20.44 | OK | |
| r-devel-linux-x86_64-fedora-clang | 0.9.0 | 39.34 | OK | |||
| r-devel-linux-x86_64-fedora-gcc | 0.9.0 | 58.88 | OK | |||
| r-devel-windows-x86_64 | 0.9.0 | 3.00 | 42.00 | 45.00 | OK | |
| r-patched-linux-x86_64 | 0.9.0 | 1.88 | 21.33 | 23.21 | OK | |
| r-release-linux-x86_64 | 0.9.0 | 1.38 | 21.46 | 22.84 | OK | |
| r-release-macos-arm64 | 0.9.0 | 1.00 | 31.00 | 32.00 | OK | |
| r-release-macos-x86_64 | 0.9.0 | 2.00 | 53.00 | 55.00 | OK | |
| r-release-windows-x86_64 | 0.9.0 | 3.00 | 42.00 | 45.00 | OK | |
| r-oldrel-macos-arm64 | 0.9.0 | 1.00 | 26.00 | 27.00 | NOTE | |
| r-oldrel-macos-x86_64 | 0.9.0 | 2.00 | 57.00 | 59.00 | NOTE | |
| r-oldrel-windows-x86_64 | 0.9.0 | 3.00 | 46.00 | 49.00 | NOTE |
Version: 0.9.0
Check: LazyData
Result: NOTE
'LazyData' is specified without a 'data' directory
Flavors: r-oldrel-macos-arm64, r-oldrel-macos-x86_64, r-oldrel-windows-x86_64
These binaries (installable software) and packages are in development.
They may not be fully stable and should be used with caution. We make no claims about them.