CRAN Package Check Results for Package knitrBootstrap

Last updated on 2025-05-21 23:48:46 CEST.

Flavor Version Tinstall Tcheck Ttotal Status Flags
r-devel-linux-x86_64-debian-clang 1.0.3 3.13 52.53 55.66 NOTE
r-devel-linux-x86_64-debian-gcc 1.0.3 2.48 40.28 42.76 NOTE
r-devel-linux-x86_64-fedora-clang 1.0.3 88.27 OK
r-devel-linux-x86_64-fedora-gcc 1.0.3 100.06 OK
r-devel-windows-x86_64 1.0.3 6.00 85.00 91.00 NOTE
r-patched-linux-x86_64 1.0.3 3.30 48.57 51.87 NOTE
r-release-linux-x86_64 1.0.3 3.28 48.88 52.16 NOTE
r-release-macos-arm64 1.0.3 62.00 OK
r-release-macos-x86_64 1.0.3 86.00 OK
r-release-windows-x86_64 1.0.3 5.00 70.00 75.00 NOTE
r-oldrel-macos-arm64 1.0.3 38.00 OK
r-oldrel-macos-x86_64 1.0.3 51.00 OK
r-oldrel-windows-x86_64 1.0.3 5.00 76.00 81.00 OK

Check Details

Version: 1.0.3
Check: CRAN incoming feasibility
Result: NOTE Maintainer: ‘Jim Hester <james.f.hester@gmail.com>’ No Authors@R field in DESCRIPTION. Please add one, modifying Authors@R: person(given = "Jim", family = "Hester", role = c("aut", "cre"), email = "james.f.hester@gmail.com") as necessary. Flavors: r-devel-linux-x86_64-debian-clang, r-devel-linux-x86_64-debian-gcc

Version: 1.0.3
Check: Rd cross-references
Result: NOTE Found the following Rd file(s) with Rd \link{} targets missing package anchors: knit_bootstrap_md.Rd: knit Please provide package anchors for all Rd \link{} targets not in the package itself and the base packages. Flavors: r-devel-linux-x86_64-debian-clang, r-devel-linux-x86_64-debian-gcc, r-devel-windows-x86_64, r-patched-linux-x86_64, r-release-linux-x86_64, r-release-windows-x86_64

These binaries (installable software) and packages are in development.
They may not be fully stable and should be used with caution. We make no claims about them.