CRAN Package Check Results for Package knitrBootstrap

Last updated on 2025-02-16 08:50:50 CET.

Flavor Version Tinstall Tcheck Ttotal Status Flags
r-devel-linux-x86_64-debian-clang 1.0.3 2.96 49.50 52.46 NOTE
r-devel-linux-x86_64-debian-gcc 1.0.3 2.45 37.57 40.02 NOTE
r-devel-linux-x86_64-fedora-clang 1.0.3 88.59 OK
r-devel-linux-x86_64-fedora-gcc 1.0.3 96.85 OK
r-devel-macos-arm64 1.0.3 43.00 OK
r-devel-macos-x86_64 1.0.3 84.00 OK
r-devel-windows-x86_64 1.0.3 4.00 74.00 78.00 NOTE
r-patched-linux-x86_64 1.0.3 6.15 47.60 53.75 OK
r-release-linux-x86_64 1.0.3 3.03 47.16 50.19 OK
r-release-macos-arm64 1.0.3 38.00 OK
r-release-macos-x86_64 1.0.3 51.00 OK
r-release-windows-x86_64 1.0.3 6.00 75.00 81.00 OK
r-oldrel-macos-arm64 1.0.3 46.00 OK
r-oldrel-macos-x86_64 1.0.3 72.00 OK
r-oldrel-windows-x86_64 1.0.3 6.00 91.00 97.00 OK

Check Details

Version: 1.0.3
Check: Rd cross-references
Result: NOTE Found the following Rd file(s) with Rd \link{} targets missing package anchors: knit_bootstrap_md.Rd: knit Please provide package anchors for all Rd \link{} targets not in the package itself and the base packages. Flavors: r-devel-linux-x86_64-debian-clang, r-devel-linux-x86_64-debian-gcc, r-devel-windows-x86_64

These binaries (installable software) and packages are in development.
They may not be fully stable and should be used with caution. We make no claims about them.