CRAN Package Check Results for Package knitrdata

Last updated on 2025-10-23 21:51:30 CEST.

Flavor Version Tinstall Tcheck Ttotal Status Flags
r-devel-linux-x86_64-debian-clang 0.6.1 2.52 49.88 52.40 NOTE
r-devel-linux-x86_64-debian-gcc 0.6.1 1.78 40.58 42.36 NOTE
r-devel-linux-x86_64-fedora-clang 0.6.1 16.00 68.64 84.64 NOTE
r-devel-linux-x86_64-fedora-gcc 0.6.1 89.65 NOTE
r-devel-windows-x86_64 0.6.1 4.00 70.00 74.00 OK
r-patched-linux-x86_64 0.6.1 2.92 47.94 50.86 NOTE
r-release-linux-x86_64 0.6.1 2.52 46.32 48.84 NOTE
r-release-macos-arm64 0.6.1 1.00 47.00 48.00 OK
r-release-macos-x86_64 0.6.1 3.00 62.00 65.00 OK
r-release-windows-x86_64 0.6.1 4.00 70.00 74.00 OK
r-oldrel-macos-arm64 0.6.1 1.00 36.00 37.00 NOTE
r-oldrel-macos-x86_64 0.6.1 3.00 76.00 79.00 NOTE
r-oldrel-windows-x86_64 0.6.1 5.00 81.00 86.00 NOTE

Check Details

Version: 0.6.1
Check: DESCRIPTION meta-information
Result: NOTE Author field differs from that derived from Authors@R Author: ‘David M. Kaplan [aut, cre, cph] (<https://orcid.org/0000-0001-6087-359X>, dmkaplan2000)’ Authors@R: ‘David M. Kaplan [aut, cre, cph] (ORCID: <https://orcid.org/0000-0001-6087-359X>, github: dmkaplan2000)’ Flavors: r-devel-linux-x86_64-debian-clang, r-devel-linux-x86_64-debian-gcc

Version: 0.6.1
Check: Rd cross-references
Result: NOTE Unknown package ‘gpg’ in Rd xrefs Flavors: r-devel-linux-x86_64-debian-clang, r-devel-linux-x86_64-debian-gcc, r-devel-linux-x86_64-fedora-clang, r-devel-linux-x86_64-fedora-gcc, r-patched-linux-x86_64, r-release-linux-x86_64

Version: 0.6.1
Check: dependencies in R code
Result: NOTE Namespace in Imports field not imported from: ‘methods’ All declared Imports should be used. Flavors: r-devel-linux-x86_64-fedora-clang, r-devel-linux-x86_64-fedora-gcc

Version: 0.6.1
Check: LazyData
Result: NOTE 'LazyData' is specified without a 'data' directory Flavors: r-oldrel-macos-arm64, r-oldrel-macos-x86_64, r-oldrel-windows-x86_64

These binaries (installable software) and packages are in development.
They may not be fully stable and should be used with caution. We make no claims about them.