CRAN Package Check Results for Package knn.covertree

Last updated on 2025-02-16 08:50:50 CET.

Flavor Version Tinstall Tcheck Ttotal Status Flags
r-devel-linux-x86_64-debian-clang 1.0 25.39 55.12 80.51 NOTE
r-devel-linux-x86_64-debian-gcc 1.0 19.61 43.24 62.85 NOTE
r-devel-linux-x86_64-fedora-clang 1.0 140.28 NOTE
r-devel-linux-x86_64-fedora-gcc 1.0 139.12 NOTE
r-devel-macos-arm64 1.0 40.00 NOTE
r-devel-macos-x86_64 1.0 66.00 NOTE
r-devel-windows-x86_64 1.0 29.00 85.00 114.00 NOTE
r-patched-linux-x86_64 1.0 25.88 52.07 77.95 NOTE
r-release-linux-x86_64 1.0 26.72 52.49 79.21 NOTE
r-release-macos-arm64 1.0 39.00 NOTE
r-release-macos-x86_64 1.0 59.00 NOTE
r-release-windows-x86_64 1.0 29.00 86.00 115.00 NOTE
r-oldrel-macos-arm64 1.0 44.00 NOTE
r-oldrel-macos-x86_64 1.0 72.00 NOTE
r-oldrel-windows-x86_64 1.0 37.00 102.00 139.00 NOTE

Check Details

Version: 1.0
Check: C++ specification
Result: NOTE Specified C++11: please drop specification unless essential Flavors: r-devel-linux-x86_64-debian-clang, r-devel-linux-x86_64-debian-gcc, r-devel-linux-x86_64-fedora-clang, r-devel-linux-x86_64-fedora-gcc, r-devel-macos-arm64, r-devel-macos-x86_64, r-devel-windows-x86_64, r-patched-linux-x86_64, r-release-linux-x86_64, r-release-macos-arm64, r-release-macos-x86_64, r-release-windows-x86_64, r-oldrel-macos-arm64, r-oldrel-macos-x86_64, r-oldrel-windows-x86_64

These binaries (installable software) and packages are in development.
They may not be fully stable and should be used with caution. We make no claims about them.