Last updated on 2025-05-21 21:49:20 CEST.
Flavor | Version | Tinstall | Tcheck | Ttotal | Status | Flags |
---|---|---|---|---|---|---|
r-devel-linux-x86_64-debian-clang | 1.0 | 25.44 | 55.77 | 81.21 | NOTE | |
r-devel-linux-x86_64-debian-gcc | 1.0 | 19.86 | 43.13 | 62.99 | NOTE | |
r-devel-linux-x86_64-fedora-clang | 1.0 | 137.91 | NOTE | |||
r-devel-linux-x86_64-fedora-gcc | 1.0 | 139.66 | NOTE | |||
r-devel-windows-x86_64 | 1.0 | 32.00 | 93.00 | 125.00 | NOTE | |
r-patched-linux-x86_64 | 1.0 | 25.31 | 53.23 | 78.54 | NOTE | |
r-release-linux-x86_64 | 1.0 | 26.79 | 53.61 | 80.40 | NOTE | |
r-release-macos-arm64 | 1.0 | 40.00 | NOTE | |||
r-release-macos-x86_64 | 1.0 | 65.00 | NOTE | |||
r-release-windows-x86_64 | 1.0 | 32.00 | 91.00 | 123.00 | NOTE | |
r-oldrel-macos-arm64 | 1.0 | 39.00 | NOTE | |||
r-oldrel-macos-x86_64 | 1.0 | 59.00 | NOTE | |||
r-oldrel-windows-x86_64 | 1.0 | 36.00 | 101.00 | 137.00 | NOTE |
Version: 1.0
Check: C++ specification
Result: NOTE
Specified C++11: please drop specification unless essential
Flavors: r-devel-linux-x86_64-debian-clang, r-devel-linux-x86_64-debian-gcc, r-devel-linux-x86_64-fedora-clang, r-devel-linux-x86_64-fedora-gcc, r-devel-windows-x86_64, r-patched-linux-x86_64, r-release-linux-x86_64, r-release-macos-arm64, r-release-macos-x86_64, r-release-windows-x86_64, r-oldrel-macos-arm64, r-oldrel-macos-x86_64, r-oldrel-windows-x86_64
These binaries (installable software) and packages are in development.
They may not be fully stable and should be used with caution. We make no claims about them.