Last updated on 2025-07-02 03:50:44 CEST.
Flavor | Version | Tinstall | Tcheck | Ttotal | Status | Flags |
---|---|---|---|---|---|---|
r-devel-linux-x86_64-debian-clang | 0.3.6 | 2.95 | 118.40 | 121.35 | NOTE | |
r-devel-linux-x86_64-debian-gcc | 0.3.6 | 2.00 | 92.39 | 94.39 | NOTE | |
r-devel-linux-x86_64-fedora-clang | 0.3.6 | 187.41 | NOTE | |||
r-devel-linux-x86_64-fedora-gcc | 0.3.6 | 202.00 | NOTE | |||
r-devel-windows-x86_64 | 0.3.6 | 5.00 | 182.00 | 187.00 | NOTE | |
r-patched-linux-x86_64 | NOTE | |||||
r-release-linux-x86_64 | 0.3.6 | 2.49 | 118.34 | 120.83 | NOTE | |
r-release-macos-arm64 | 0.3.6 | 74.00 | NOTE | |||
r-release-macos-x86_64 | 0.3.6 | 146.00 | NOTE | |||
r-release-windows-x86_64 | 0.3.6 | 5.00 | 179.00 | 184.00 | NOTE | |
r-oldrel-macos-arm64 | 0.3.6 | 68.00 | NOTE | |||
r-oldrel-macos-x86_64 | 0.3.6 | 105.00 | NOTE | |||
r-oldrel-windows-x86_64 | 0.3.6 | 6.00 | 232.00 | 238.00 | NOTE |
Version: 0.3.6
Check: Rd files
Result: NOTE
checkRd: (-1) knockoff.Rd:22-24: Lost braces in \itemize; meant \describe ?
checkRd: (-1) knockoff.Rd:25-27: Lost braces in \itemize; meant \describe ?
Flavors: r-devel-linux-x86_64-debian-clang, r-devel-linux-x86_64-debian-gcc, r-devel-linux-x86_64-fedora-clang, r-devel-linux-x86_64-fedora-gcc, r-devel-windows-x86_64, r-patched-linux-x86_64, r-release-linux-x86_64, r-release-macos-arm64, r-release-macos-x86_64, r-release-windows-x86_64, r-oldrel-macos-arm64, r-oldrel-macos-x86_64, r-oldrel-windows-x86_64
These binaries (installable software) and packages are in development.
They may not be fully stable and should be used with caution. We make no claims about them.