Last updated on 2025-05-01 08:52:36 CEST.
Flavor | Version | Tinstall | Tcheck | Ttotal | Status | Flags |
---|---|---|---|---|---|---|
r-devel-linux-x86_64-debian-clang | 0.3.6 | 3.02 | 116.47 | 119.49 | NOTE | |
r-devel-linux-x86_64-debian-gcc | 0.3.6 | 2.06 | 93.84 | 95.90 | NOTE | |
r-devel-linux-x86_64-fedora-clang | 0.3.6 | 186.29 | NOTE | |||
r-devel-linux-x86_64-fedora-gcc | 0.3.6 | 213.69 | NOTE | |||
r-devel-windows-x86_64 | 0.3.6 | 4.00 | 188.00 | 192.00 | NOTE | |
r-patched-linux-x86_64 | 0.3.6 | 3.73 | 118.62 | 122.35 | NOTE | |
r-release-linux-x86_64 | NOTE | |||||
r-release-macos-arm64 | 0.3.6 | 74.00 | NOTE | |||
r-release-macos-x86_64 | 0.3.6 | 146.00 | NOTE | |||
r-release-windows-x86_64 | 0.3.6 | 5.00 | 190.00 | 195.00 | NOTE | |
r-oldrel-macos-arm64 | 0.3.6 | 68.00 | NOTE | |||
r-oldrel-macos-x86_64 | 0.3.6 | 105.00 | NOTE | |||
r-oldrel-windows-x86_64 | 0.3.6 | 5.00 | 228.00 | 233.00 | NOTE |
Version: 0.3.6
Check: Rd files
Result: NOTE
checkRd: (-1) knockoff.Rd:22-24: Lost braces in \itemize; meant \describe ?
checkRd: (-1) knockoff.Rd:25-27: Lost braces in \itemize; meant \describe ?
Flavors: r-devel-linux-x86_64-debian-clang, r-devel-linux-x86_64-debian-gcc, r-devel-linux-x86_64-fedora-clang, r-devel-linux-x86_64-fedora-gcc, r-devel-windows-x86_64, r-patched-linux-x86_64, r-release-linux-x86_64, r-release-macos-arm64, r-release-macos-x86_64, r-release-windows-x86_64, r-oldrel-macos-arm64, r-oldrel-macos-x86_64, r-oldrel-windows-x86_64
Version: 0.3.6
Check: examples
Result: NA
user system elapsed
stat.stability_selection 1.044 4.787 3.388
OK
Flavor: r-devel-linux-x86_64-debian-gcc
These binaries (installable software) and packages are in development.
They may not be fully stable and should be used with caution. We make no claims about them.