CRAN Package Check Results for Package koRpus.lang.en

Last updated on 2025-02-16 08:50:50 CET.

Flavor Version Tinstall Tcheck Ttotal Status Flags
r-devel-linux-x86_64-debian-clang 0.1-4 6.17 59.55 65.72 OK
r-devel-linux-x86_64-debian-gcc 0.1-4 5.83 45.71 51.54 OK
r-devel-linux-x86_64-fedora-clang 0.1-4 107.00 NOTE
r-devel-linux-x86_64-fedora-gcc 0.1-4 99.78 NOTE
r-devel-macos-arm64 0.1-4 33.00 OK
r-devel-macos-x86_64 0.1-4 75.00 OK
r-devel-windows-x86_64 0.1-4 8.00 78.00 86.00 OK
r-patched-linux-x86_64 0.1-4 6.49 56.28 62.77 OK
r-release-linux-x86_64 0.1-4 6.49 56.26 62.75 OK
r-release-macos-arm64 0.1-4 32.00 OK
r-release-macos-x86_64 0.1-4 65.00 OK
r-release-windows-x86_64 0.1-4 8.00 72.00 80.00 OK
r-oldrel-macos-arm64 0.1-4 35.00 OK
r-oldrel-macos-x86_64 0.1-4 56.00 OK
r-oldrel-windows-x86_64 0.1-4 11.00 83.00 94.00 OK

Check Details

Version: 0.1-4
Check: dependencies in R code
Result: NOTE Namespace in Imports field not imported from: ‘methods’ All declared Imports should be used. Flavors: r-devel-linux-x86_64-fedora-clang, r-devel-linux-x86_64-fedora-gcc

These binaries (installable software) and packages are in development.
They may not be fully stable and should be used with caution. We make no claims about them.