Last updated on 2025-02-16 08:50:50 CET.
Flavor | Version | Tinstall | Tcheck | Ttotal | Status | Flags |
---|---|---|---|---|---|---|
r-devel-linux-x86_64-debian-clang | 3.0.12 | 28.10 | 42.56 | 70.66 | NOTE | |
r-devel-linux-x86_64-debian-gcc | 3.0.12 | 20.53 | 31.54 | 52.07 | NOTE | |
r-devel-linux-x86_64-fedora-clang | 3.0.12 | 129.77 | OK | |||
r-devel-linux-x86_64-fedora-gcc | 3.0.12 | 127.82 | OK | |||
r-devel-macos-arm64 | 3.0.12 | 33.00 | OK | |||
r-devel-macos-x86_64 | 3.0.12 | 56.00 | OK | |||
r-devel-windows-x86_64 | 3.0.12 | 32.00 | 84.00 | 116.00 | OK | |
r-patched-linux-x86_64 | 3.0.12 | 27.16 | 39.71 | 66.87 | OK | |
r-release-linux-x86_64 | 3.0.12 | 28.02 | 40.45 | 68.47 | OK | |
r-release-macos-arm64 | 3.0.12 | 35.00 | OK | |||
r-release-macos-x86_64 | 3.0.12 | 50.00 | OK | |||
r-release-windows-x86_64 | 3.0.12 | 35.00 | 86.00 | 121.00 | OK | |
r-oldrel-macos-arm64 | 3.0.12 | 49.00 | OK | |||
r-oldrel-macos-x86_64 | 3.0.12 | 78.00 | OK | |||
r-oldrel-windows-x86_64 | 3.0.12 | 37.00 | 128.00 | 165.00 | OK |
Version: 3.0.12
Check: for unstated dependencies in ‘demo’
Result: NOTE
'library' or 'require' calls not declared from:
‘RColorBrewer’ ‘lattice’
'data(package=)' call not declared from: ‘vegan’
Flavors: r-devel-linux-x86_64-debian-clang, r-devel-linux-x86_64-debian-gcc
These binaries (installable software) and packages are in development.
They may not be fully stable and should be used with caution. We make no claims about them.