Last updated on 2025-10-24 05:50:44 CEST.
| Flavor | Version | Tinstall | Tcheck | Ttotal | Status | Flags |
|---|---|---|---|---|---|---|
| r-devel-linux-x86_64-debian-clang | 3.0.12 | 28.51 | 44.62 | 73.13 | NOTE | |
| r-devel-linux-x86_64-debian-gcc | 3.0.12 | 19.83 | 34.06 | 53.89 | NOTE | |
| r-devel-linux-x86_64-fedora-clang | 3.0.12 | 196.00 | -57.65 | 138.35 | OK | |
| r-devel-linux-x86_64-fedora-gcc | 3.0.12 | 48.00 | 62.12 | 110.12 | OK | |
| r-devel-windows-x86_64 | 3.0.12 | 33.00 | 80.00 | 113.00 | OK | |
| r-patched-linux-x86_64 | 3.0.12 | 28.94 | 43.42 | 72.36 | NOTE | |
| r-release-linux-x86_64 | 3.0.12 | 27.26 | 43.64 | 70.90 | NOTE | |
| r-release-macos-arm64 | 3.0.12 | 11.00 | 23.00 | 34.00 | OK | |
| r-release-macos-x86_64 | 3.0.12 | 11.00 | 41.00 | 52.00 | OK | |
| r-release-windows-x86_64 | 3.0.12 | 32.00 | 84.00 | 116.00 | OK | |
| r-oldrel-macos-arm64 | 3.0.12 | 9.00 | 26.00 | 35.00 | OK | |
| r-oldrel-macos-x86_64 | 3.0.12 | 15.00 | 35.00 | 50.00 | OK | |
| r-oldrel-windows-x86_64 | 3.0.12 | 35.00 | 96.00 | 131.00 | OK |
Version: 3.0.12
Check: CRAN incoming feasibility
Result: NOTE
Maintainer: ‘Ron Wehrens <ron.wehrens@gmail.com>’
No Authors@R field in DESCRIPTION.
Please add one, modifying
Authors@R: c(person(given = "Ron",
family = "Wehrens",
role = c("aut", "cre"),
email = "ron.wehrens@gmail.com"),
person(given = "Johannes",
family = "Kruisselbrink",
role = "aut"))
as necessary.
Flavors: r-devel-linux-x86_64-debian-clang, r-devel-linux-x86_64-debian-gcc
Version: 3.0.12
Check: for unstated dependencies in ‘demo’
Result: NOTE
'library' or 'require' calls not declared from:
‘RColorBrewer’ ‘lattice’
'data(package=)' call not declared from: ‘vegan’
Flavors: r-devel-linux-x86_64-debian-clang, r-devel-linux-x86_64-debian-gcc, r-patched-linux-x86_64, r-release-linux-x86_64
These binaries (installable software) and packages are in development.
They may not be fully stable and should be used with caution. We make no claims about them.