Last updated on 2025-10-23 11:50:17 CEST.
Flavor | Version | Tinstall | Tcheck | Ttotal | Status | Flags |
---|---|---|---|---|---|---|
r-devel-linux-x86_64-debian-clang | 1.0.3 | 19.79 | 180.51 | 200.30 | NOTE | |
r-devel-linux-x86_64-debian-gcc | 1.0.3 | 12.53 | 119.75 | 132.28 | OK | |
r-devel-linux-x86_64-fedora-clang | 1.0.3 | 119.00 | 200.59 | 319.59 | OK | |
r-devel-linux-x86_64-fedora-gcc | 1.0.3 | 41.00 | 252.04 | 293.04 | OK | |
r-devel-windows-x86_64 | 1.0.3 | 20.00 | 158.00 | 178.00 | OK | |
r-patched-linux-x86_64 | 1.0.3 | 16.59 | 167.65 | 184.24 | OK | |
r-release-linux-x86_64 | 1.0.3 | 20.55 | 164.66 | 185.21 | OK | |
r-release-macos-arm64 | 1.0.3 | 7.00 | 60.00 | 67.00 | OK | |
r-release-macos-x86_64 | 1.0.3 | 18.00 | 129.00 | 147.00 | OK | |
r-release-windows-x86_64 | 1.0.3 | 21.00 | 154.00 | 175.00 | OK | |
r-oldrel-macos-arm64 | 1.0.3 | 8.00 | 72.00 | 80.00 | OK | |
r-oldrel-macos-x86_64 | 1.0.3 | 16.00 | 122.00 | 138.00 | OK | |
r-oldrel-windows-x86_64 | 1.0.3 | 30.00 | 208.00 | 238.00 | OK |
Version: 1.0.3
Check: HTML version of manual
Result: NOTE
Found the following HTML validation problems:
output_print.html:171:1 (output_print.Rd:82): Warning: missing </ul> before </div>
Flavor: r-devel-linux-x86_64-debian-clang
These binaries (installable software) and packages are in development.
They may not be fully stable and should be used with caution. We make no claims about them.