CRAN Package Check Results for Package konfound

Last updated on 2025-05-01 12:49:31 CEST.

Flavor Version Tinstall Tcheck Ttotal Status Flags
r-devel-linux-x86_64-debian-clang 1.0.2 18.28 151.93 170.21 NOTE
r-devel-linux-x86_64-debian-gcc 1.0.2 12.58 107.72 120.30 OK
r-devel-linux-x86_64-fedora-clang 1.0.2 280.57 OK
r-devel-linux-x86_64-fedora-gcc 1.0.2 276.23 OK
r-devel-windows-x86_64 1.0.2 18.00 138.00 156.00 OK
r-patched-linux-x86_64 1.0.2 18.06 140.01 158.07 OK
r-release-linux-x86_64 OK
r-release-macos-arm64 1.0.2 68.00 OK
r-release-macos-x86_64 1.0.2 150.00 OK
r-release-windows-x86_64 1.0.2 18.00 140.00 158.00 OK
r-oldrel-macos-arm64 1.0.2 71.00 OK
r-oldrel-macos-x86_64 1.0.2 126.00 OK
r-oldrel-windows-x86_64 1.0.2 24.00 179.00 203.00 OK

Check Details

Version: 1.0.2
Check: examples
Result: NOTE Examples with CPU (user + system) or elapsed time > 5s user system elapsed pkonfound 3.752 0.42 6.117 Flavor: r-devel-linux-x86_64-debian-clang

These binaries (installable software) and packages are in development.
They may not be fully stable and should be used with caution. We make no claims about them.