Last updated on 2025-10-23 17:50:52 CEST.
| Flavor | Version | Tinstall | Tcheck | Ttotal | Status | Flags |
|---|---|---|---|---|---|---|
| r-devel-linux-x86_64-debian-clang | 0.0.1 | 6.59 | 60.98 | 67.57 | NOTE | |
| r-devel-linux-x86_64-debian-gcc | 0.0.1 | 5.42 | 45.06 | 50.48 | NOTE | |
| r-devel-linux-x86_64-fedora-clang | 0.0.1 | 39.00 | 69.63 | 108.63 | OK | |
| r-devel-linux-x86_64-fedora-gcc | 0.0.1 | 13.00 | 80.16 | 93.16 | OK | |
| r-devel-windows-x86_64 | 0.0.1 | 8.00 | 69.00 | 77.00 | OK | |
| r-patched-linux-x86_64 | 0.0.1 | 7.05 | 59.87 | 66.92 | OK | |
| r-release-linux-x86_64 | 0.0.1 | 6.48 | 57.45 | 63.93 | OK | |
| r-release-macos-arm64 | 0.0.1 | 3.00 | 25.00 | 28.00 | OK | |
| r-release-macos-x86_64 | 0.0.1 | 7.00 | 48.00 | 55.00 | OK | |
| r-release-windows-x86_64 | 0.0.1 | 9.00 | 70.00 | 79.00 | OK | |
| r-oldrel-macos-arm64 | 0.0.1 | 3.00 | 28.00 | 31.00 | NOTE | |
| r-oldrel-macos-x86_64 | 0.0.1 | 5.00 | 41.00 | 46.00 | NOTE | |
| r-oldrel-windows-x86_64 | 0.0.1 | 10.00 | 82.00 | 92.00 | NOTE |
Version: 0.0.1
Check: CRAN incoming feasibility
Result: NOTE
Maintainer: ‘Clemence Karmann <clemence.karmann@gmail.com>’
The Description field contains
(2019) <arXiv:1907.03153>.
Please refer to arXiv e-prints via their arXiv DOI <doi:10.48550/arXiv.YYMM.NNNNN>.
Flavors: r-devel-linux-x86_64-debian-clang, r-devel-linux-x86_64-debian-gcc
Version: 0.0.1
Check: LazyData
Result: NOTE
'LazyData' is specified without a 'data' directory
Flavors: r-oldrel-macos-arm64, r-oldrel-macos-x86_64, r-oldrel-windows-x86_64
These binaries (installable software) and packages are in development.
They may not be fully stable and should be used with caution. We make no claims about them.