CRAN Package Check Results for Package kpmt

Last updated on 2025-02-16 08:50:50 CET.

Flavor Version Tinstall Tcheck Ttotal Status Flags
r-devel-linux-x86_64-debian-clang 0.1.0 2.15 21.96 24.11 NOTE
r-devel-linux-x86_64-debian-gcc 0.1.0 1.51 17.82 19.33 NOTE
r-devel-linux-x86_64-fedora-clang 0.1.0 38.02 NOTE
r-devel-linux-x86_64-fedora-gcc 0.1.0 36.08 NOTE
r-devel-macos-arm64 0.1.0 18.00 NOTE
r-devel-macos-x86_64 0.1.0 26.00 NOTE
r-devel-windows-x86_64 0.1.0 3.00 44.00 47.00 NOTE
r-patched-linux-x86_64 0.1.0 1.86 20.98 22.84 NOTE
r-release-linux-x86_64 0.1.0 1.96 21.02 22.98 NOTE
r-release-macos-arm64 0.1.0 17.00 NOTE
r-release-macos-x86_64 0.1.0 23.00 NOTE
r-release-windows-x86_64 0.1.0 3.00 51.00 54.00 NOTE
r-oldrel-macos-arm64 0.1.0 17.00 OK
r-oldrel-macos-x86_64 0.1.0 22.00 OK
r-oldrel-windows-x86_64 0.1.0 3.00 47.00 50.00 OK

Check Details

Version: 0.1.0
Check: Rd files
Result: NOTE checkRd: (-1) kpmt.Rd:14: Lost braces in \itemize; meant \describe ? checkRd: (-1) kpmt.Rd:15: Lost braces in \itemize; meant \describe ? checkRd: (-1) kpmt.Rd:20: Lost braces in \itemize; meant \describe ? checkRd: (-1) kpmt.Rd:21: Lost braces in \itemize; meant \describe ? checkRd: (-1) kpmt.Rd:46: Lost braces in \itemize; \value handles \item{}{} directly checkRd: (-1) kpmt.Rd:47: Lost braces in \itemize; \value handles \item{}{} directly checkRd: (-1) kpmt.Rd:48: Lost braces in \itemize; \value handles \item{}{} directly checkRd: (-1) kpmt.Rd:49: Lost braces in \itemize; \value handles \item{}{} directly checkRd: (-1) kpmt.Rd:50: Lost braces in \itemize; \value handles \item{}{} directly checkRd: (-1) kpmt.Rd:51: Lost braces in \itemize; \value handles \item{}{} directly checkRd: (-1) kpmt.Rd:52: Lost braces in \itemize; \value handles \item{}{} directly Flavors: r-devel-linux-x86_64-debian-clang, r-devel-linux-x86_64-debian-gcc, r-devel-linux-x86_64-fedora-clang, r-devel-linux-x86_64-fedora-gcc, r-devel-macos-arm64, r-devel-macos-x86_64, r-devel-windows-x86_64, r-patched-linux-x86_64, r-release-linux-x86_64, r-release-macos-arm64, r-release-macos-x86_64, r-release-windows-x86_64

These binaries (installable software) and packages are in development.
They may not be fully stable and should be used with caution. We make no claims about them.