CRAN Package Check Results for Package kriging

Last updated on 2025-02-19 16:50:52 CET.

Flavor Version Tinstall Tcheck Ttotal Status Flags
r-devel-linux-x86_64-debian-clang 1.2 2.63 18.32 20.95 OK
r-devel-linux-x86_64-debian-gcc 1.2 1.96 14.75 16.71 OK
r-devel-linux-x86_64-fedora-clang 1.2 33.40 NOTE
r-devel-linux-x86_64-fedora-gcc 1.2 31.63 NOTE
r-devel-macos-arm64 1.2 17.00 OK
r-devel-macos-x86_64 1.2 25.00 OK
r-devel-windows-x86_64 1.2 6.00 42.00 48.00 OK
r-patched-linux-x86_64 1.2 2.36 17.76 20.12 OK
r-release-linux-x86_64 1.2 2.22 17.69 19.91 OK
r-release-macos-arm64 1.2 18.00 OK
r-release-macos-x86_64 1.2 22.00 OK
r-release-windows-x86_64 1.2 5.00 43.00 48.00 OK
r-oldrel-macos-arm64 1.2 18.00 OK
r-oldrel-macos-x86_64 1.2 21.00 OK
r-oldrel-windows-x86_64 1.2 6.00 68.00 74.00 OK

Check Details

Version: 1.2
Check: compiled code
Result: NOTE File ‘kriging/libs/kriging.so’: Found no calls to: ‘R_registerRoutines’, ‘R_useDynamicSymbols’ It is good practice to register native routines and to disable symbol search. See ‘Writing portable packages’ in the ‘Writing R Extensions’ manual. Flavors: r-devel-linux-x86_64-fedora-clang, r-devel-linux-x86_64-fedora-gcc

These binaries (installable software) and packages are in development.
They may not be fully stable and should be used with caution. We make no claims about them.