Last updated on 2025-11-13 01:50:24 CET.
| Flavor | Version | Tinstall | Tcheck | Ttotal | Status | Flags |
|---|---|---|---|---|---|---|
| r-devel-linux-x86_64-debian-clang | 2.0 | 1.88 | 31.44 | 33.32 | NOTE | |
| r-devel-linux-x86_64-debian-gcc | 2.0 | 1.53 | 23.63 | 25.16 | NOTE | |
| r-devel-linux-x86_64-fedora-clang | 2.0 | 51.74 | OK | |||
| r-devel-linux-x86_64-fedora-gcc | 2.0 | 47.48 | OK | |||
| r-devel-windows-x86_64 | 2.0 | 3.00 | 49.00 | 52.00 | OK | |
| r-patched-linux-x86_64 | 2.0 | 2.14 | 29.37 | 31.51 | OK | |
| r-release-linux-x86_64 | 2.0 | 2.15 | 29.65 | 31.80 | OK | |
| r-release-macos-arm64 | 2.0 | 1.00 | 19.00 | 20.00 | OK | |
| r-release-macos-x86_64 | 2.0 | 2.00 | 33.00 | 35.00 | OK | |
| r-release-windows-x86_64 | 2.0 | 3.00 | 47.00 | 50.00 | OK | |
| r-oldrel-macos-arm64 | 2.0 | 1.00 | 18.00 | 19.00 | OK | |
| r-oldrel-macos-x86_64 | 2.0 | 2.00 | 25.00 | 27.00 | OK | |
| r-oldrel-windows-x86_64 | 2.0 | 3.00 | 56.00 | 59.00 | OK |
Version: 2.0
Check: CRAN incoming feasibility
Result: NOTE
Maintainer: ‘John Hughes <drjphughesjr@gmail.com>’
No Authors@R field in DESCRIPTION.
Please add one, modifying
Authors@R: person(given = "John",
family = "Hughes",
role = c("aut", "cre"),
email = "drjphughesjr@gmail.com")
as necessary.
Flavors: r-devel-linux-x86_64-debian-clang, r-devel-linux-x86_64-debian-gcc
These binaries (installable software) and packages are in development.
They may not be fully stable and should be used with caution. We make no claims about them.