CRAN Package Check Results for Package kselection

Last updated on 2025-05-21 21:49:20 CEST.

Flavor Version Tinstall Tcheck Ttotal Status Flags
r-devel-linux-x86_64-debian-clang 0.2.1 1.76 20.26 22.02 NOTE
r-devel-linux-x86_64-debian-gcc 0.2.1 1.22 16.37 17.59 NOTE
r-devel-linux-x86_64-fedora-clang 0.2.1 34.04 OK
r-devel-linux-x86_64-fedora-gcc 0.2.1 32.21 OK
r-devel-windows-x86_64 0.2.1 4.00 54.00 58.00 OK
r-patched-linux-x86_64 0.2.1 1.76 19.40 21.16 OK
r-release-linux-x86_64 0.2.1 1.58 19.32 20.90 OK
r-release-macos-arm64 0.2.1 16.00 OK
r-release-macos-x86_64 0.2.1 24.00 OK
r-release-windows-x86_64 0.2.1 2.00 54.00 56.00 OK
r-oldrel-macos-arm64 0.2.1 14.00 OK
r-oldrel-macos-x86_64 0.2.1 24.00 OK
r-oldrel-windows-x86_64 0.2.1 3.00 46.00 49.00 OK

Check Details

Version: 0.2.1
Check: CRAN incoming feasibility
Result: NOTE Maintainer: ‘Daniel Rodriguez <daniel.rodriguez.perez@gmail.com>’ No Authors@R field in DESCRIPTION. Please add one, modifying Authors@R: person(given = "Daniel", family = "Rodriguez", role = c("aut", "cre"), email = "daniel.rodriguez.perez@gmail.com") as necessary. Flavors: r-devel-linux-x86_64-debian-clang, r-devel-linux-x86_64-debian-gcc

These binaries (installable software) and packages are in development.
They may not be fully stable and should be used with caution. We make no claims about them.