CRAN Package Check Results for Package kselection

Last updated on 2025-07-24 03:50:02 CEST.

Flavor Version Tinstall Tcheck Ttotal Status Flags
r-devel-linux-x86_64-debian-clang 0.2.1 1.62 20.88 22.50 NOTE
r-devel-linux-x86_64-debian-gcc 0.2.1 1.34 17.48 18.82 NOTE
r-devel-linux-x86_64-fedora-clang 0.2.1 34.05 OK
r-devel-linux-x86_64-fedora-gcc 0.2.1 32.48 OK
r-devel-windows-x86_64 0.2.1 2.00 43.00 45.00 OK
r-patched-linux-x86_64 0.2.1 1.64 19.48 21.12 OK
r-release-linux-x86_64 0.2.1 1.70 19.73 21.43 OK
r-release-macos-arm64 0.2.1 16.00 OK
r-release-macos-x86_64 0.2.1 24.00 OK
r-release-windows-x86_64 0.2.1 2.00 44.00 46.00 OK
r-oldrel-macos-arm64 0.2.1 14.00 OK
r-oldrel-macos-x86_64 0.2.1 24.00 OK
r-oldrel-windows-x86_64 0.2.1 2.00 46.00 48.00 OK

Check Details

Version: 0.2.1
Check: CRAN incoming feasibility
Result: NOTE Maintainer: ‘Daniel Rodriguez <daniel.rodriguez.perez@gmail.com>’ No Authors@R field in DESCRIPTION. Please add one, modifying Authors@R: person(given = "Daniel", family = "Rodriguez", role = c("aut", "cre"), email = "daniel.rodriguez.perez@gmail.com") as necessary. Flavors: r-devel-linux-x86_64-debian-clang, r-devel-linux-x86_64-debian-gcc

These binaries (installable software) and packages are in development.
They may not be fully stable and should be used with caution. We make no claims about them.