Last updated on 2025-07-25 01:49:30 CEST.
Flavor | Version | Tinstall | Tcheck | Ttotal | Status | Flags |
---|---|---|---|---|---|---|
r-devel-linux-x86_64-debian-clang | 1.0.0 | 45.35 | 65.83 | 111.18 | NOTE | |
r-devel-linux-x86_64-debian-gcc | 1.0.0 | 35.90 | 47.26 | 83.16 | NOTE | |
r-devel-linux-x86_64-fedora-clang | 1.0.0 | 190.66 | OK | |||
r-devel-linux-x86_64-fedora-gcc | 1.0.0 | 185.18 | OK | |||
r-devel-windows-x86_64 | 1.0.0 | 61.00 | 102.00 | 163.00 | OK | |
r-patched-linux-x86_64 | 1.0.0 | 49.12 | 59.25 | 108.37 | OK | |
r-release-linux-x86_64 | 1.0.0 | 50.21 | 60.13 | 110.34 | OK | |
r-release-macos-arm64 | 1.0.0 | 59.00 | OK | |||
r-release-macos-x86_64 | 1.0.0 | 82.00 | OK | |||
r-release-windows-x86_64 | 1.0.0 | 59.00 | 93.00 | 152.00 | OK | |
r-oldrel-macos-arm64 | 1.0.0 | 53.00 | OK | |||
r-oldrel-macos-x86_64 | 1.0.0 | 77.00 | OK | |||
r-oldrel-windows-x86_64 | 1.0.0 | 68.00 | 117.00 | 185.00 | OK |
Version: 1.0.0
Check: CRAN incoming feasibility
Result: NOTE
Maintainer: ‘Juan Domingo Gonzalez <juanrst@hotmail.com>’
The Description field contains
<arxiv:1906.08198>).
Please refer to arXiv e-prints via their arXiv DOI <doi:10.48550/arXiv.YYMM.NNNNN>.
Flavors: r-devel-linux-x86_64-debian-clang, r-devel-linux-x86_64-debian-gcc
These binaries (installable software) and packages are in development.
They may not be fully stable and should be used with caution. We make no claims about them.