Last updated on 2025-05-08 04:52:08 CEST.
Flavor | Version | Tinstall | Tcheck | Ttotal | Status | Flags |
---|---|---|---|---|---|---|
r-devel-linux-x86_64-debian-clang | 1.0 | 1.82 | 16.89 | 18.71 | NOTE | |
r-devel-linux-x86_64-debian-gcc | 1.0 | 1.51 | 13.60 | 15.11 | NOTE | |
r-devel-linux-x86_64-fedora-clang | 1.0 | 29.23 | OK | |||
r-devel-linux-x86_64-fedora-gcc | 1.0 | 28.21 | OK | |||
r-devel-windows-x86_64 | 1.0 | 3.00 | 36.00 | 39.00 | OK | |
r-patched-linux-x86_64 | 1.0 | 1.77 | 16.61 | 18.38 | OK | |
r-release-linux-x86_64 | 1.0 | 1.42 | 16.68 | 18.10 | OK | |
r-release-macos-arm64 | 1.0 | 14.00 | OK | |||
r-release-macos-x86_64 | 1.0 | 22.00 | OK | |||
r-release-windows-x86_64 | 1.0 | 4.00 | 39.00 | 43.00 | OK | |
r-oldrel-macos-arm64 | 1.0 | 14.00 | NOTE | |||
r-oldrel-macos-x86_64 | 1.0 | 19.00 | NOTE | |||
r-oldrel-windows-x86_64 | 1.0 | 3.00 | 37.00 | 40.00 | NOTE |
Version: 1.0
Check: CRAN incoming feasibility
Result: NOTE
Maintainer: ‘Ying Ruan <y.ruan.16@ucl.ac.uk>’
No Authors@R field in DESCRIPTION.
Please add one, modifying
Authors@R: person(given = "Ying",
family = "Ruan",
role = c("aut", "cre"),
email = "y.ruan.16@ucl.ac.uk")
as necessary.
Flavors: r-devel-linux-x86_64-debian-clang, r-devel-linux-x86_64-debian-gcc
Version: 1.0
Check: LazyData
Result: NOTE
'LazyData' is specified without a 'data' directory
Flavors: r-oldrel-macos-arm64, r-oldrel-macos-x86_64, r-oldrel-windows-x86_64
These binaries (installable software) and packages are in development.
They may not be fully stable and should be used with caution. We make no claims about them.