Last updated on 2025-07-21 19:49:47 CEST.
Flavor | Version | Tinstall | Tcheck | Ttotal | Status | Flags |
---|---|---|---|---|---|---|
r-devel-linux-x86_64-debian-clang | 1.4.2 | 11.10 | 24.56 | 35.66 | NOTE | |
r-devel-linux-x86_64-debian-gcc | 1.4.2 | 9.24 | 20.28 | 29.52 | NOTE | |
r-devel-linux-x86_64-fedora-clang | 1.4.2 | 62.07 | OK | |||
r-devel-linux-x86_64-fedora-gcc | 1.4.2 | 61.02 | OK | |||
r-devel-windows-x86_64 | 1.4.2 | 14.00 | 63.00 | 77.00 | OK | |
r-patched-linux-x86_64 | 1.4.2 | 12.60 | 23.24 | 35.84 | OK | |
r-release-linux-x86_64 | 1.4.2 | 13.44 | 23.49 | 36.93 | OK | |
r-release-macos-arm64 | 1.4.2 | 22.00 | OK | |||
r-release-macos-x86_64 | 1.4.2 | 34.00 | OK | |||
r-release-windows-x86_64 | 1.4.2 | 16.00 | 63.00 | 79.00 | OK | |
r-oldrel-macos-arm64 | 1.4.2 | 22.00 | OK | |||
r-oldrel-macos-x86_64 | 1.4.2 | 31.00 | OK | |||
r-oldrel-windows-x86_64 | 1.4.2 | 14.00 | 71.00 | 85.00 | OK |
Version: 1.4.2
Check: CRAN incoming feasibility
Result: NOTE
Maintainer: ‘Serguei Sokol <sokol@insa-toulouse.fr>’
No Authors@R field in DESCRIPTION.
Please add one, modifying
Authors@R: person(given = "Serguei",
family = "Sokol",
role = c("aut", "cre"),
email = "sokol@insa-toulouse.fr")
as necessary.
Flavors: r-devel-linux-x86_64-debian-clang, r-devel-linux-x86_64-debian-gcc
These binaries (installable software) and packages are in development.
They may not be fully stable and should be used with caution. We make no claims about them.