CRAN Package Check Results for Package kvh

Last updated on 2025-05-08 04:52:08 CEST.

Flavor Version Tinstall Tcheck Ttotal Status Flags
r-devel-linux-x86_64-debian-clang 1.4.2 11.74 24.08 35.82 NOTE
r-devel-linux-x86_64-debian-gcc 1.4.2 9.16 19.11 28.27 NOTE
r-devel-linux-x86_64-fedora-clang 1.4.2 61.85 OK
r-devel-linux-x86_64-fedora-gcc 1.4.2 64.80 OK
r-devel-windows-x86_64 1.4.2 15.00 64.00 79.00 OK
r-patched-linux-x86_64 1.4.2 13.71 23.31 37.02 OK
r-release-linux-x86_64 1.4.2 12.43 23.34 35.77 OK
r-release-macos-arm64 1.4.2 22.00 OK
r-release-macos-x86_64 1.4.2 34.00 OK
r-release-windows-x86_64 1.4.2 16.00 61.00 77.00 OK
r-oldrel-macos-arm64 1.4.2 22.00 OK
r-oldrel-macos-x86_64 1.4.2 31.00 OK
r-oldrel-windows-x86_64 1.4.2 15.00 71.00 86.00 OK

Check Details

Version: 1.4.2
Check: CRAN incoming feasibility
Result: NOTE Maintainer: ‘Serguei Sokol <sokol@insa-toulouse.fr>’ No Authors@R field in DESCRIPTION. Please add one, modifying Authors@R: person(given = "Serguei", family = "Sokol", role = c("aut", "cre"), email = "sokol@insa-toulouse.fr") as necessary. Flavors: r-devel-linux-x86_64-debian-clang, r-devel-linux-x86_64-debian-gcc

These binaries (installable software) and packages are in development.
They may not be fully stable and should be used with caution. We make no claims about them.