Last updated on 2025-05-01 15:49:34 CEST.
Flavor | Version | Tinstall | Tcheck | Ttotal | Status | Flags |
---|---|---|---|---|---|---|
r-devel-linux-x86_64-debian-clang | 1.4 | 2.08 | 45.27 | 47.35 | NOTE | |
r-devel-linux-x86_64-debian-gcc | 1.4 | 1.67 | 33.97 | 35.64 | NOTE | |
r-devel-linux-x86_64-fedora-clang | 1.4 | 73.34 | OK | |||
r-devel-linux-x86_64-fedora-gcc | 1.4 | 74.19 | OK | |||
r-devel-windows-x86_64 | 1.4 | 3.00 | 83.00 | 86.00 | OK | |
r-patched-linux-x86_64 | 1.4 | 2.22 | 43.62 | 45.84 | OK | |
r-release-linux-x86_64 | OK | |||||
r-release-macos-arm64 | 1.4 | 29.00 | OK | |||
r-release-macos-x86_64 | 1.4 | 59.00 | OK | |||
r-release-windows-x86_64 | 1.4 | 2.00 | 87.00 | 89.00 | OK | |
r-oldrel-macos-arm64 | 1.4 | 29.00 | OK | |||
r-oldrel-macos-x86_64 | 1.4 | 47.00 | OK | |||
r-oldrel-windows-x86_64 | 1.4 | 3.00 | 88.00 | 91.00 | OK |
Version: 1.4
Check: CRAN incoming feasibility
Result: NOTE
Maintainer: ‘Derek Cyr <cyr.derek@gmail.com>’
No Authors@R field in DESCRIPTION.
Please add one, modifying
Authors@R: c(person(given = "Derek",
family = "Cyr",
role = c("aut", "cre"),
email = "cyr.derek@gmail.com"),
person(given = "Igor",
family = "Zurbenko.",
role = "aut",
email = "igorg.zurbenko@gmail.com"))
as necessary.
The build time stamp has invalid/outdated format.
Flavors: r-devel-linux-x86_64-debian-clang, r-devel-linux-x86_64-debian-gcc
Version: 1.4
Check: examples
Result: NOTE
Examples with CPU (user + system) or elapsed time > 5s
user system elapsed
kzs.md 9.223 0.087 11.401
kzs 8.416 0.166 10.438
Flavor: r-devel-linux-x86_64-debian-clang
Version: 1.4
Check: examples
Result: NA
user system elapsed
kzs 6.428 0.186 7.121
kzs.md 5.232 0.084 5.836
OK
Flavor: r-devel-linux-x86_64-debian-gcc
These binaries (installable software) and packages are in development.
They may not be fully stable and should be used with caution. We make no claims about them.