Last updated on 2025-02-16 08:50:50 CET.
Flavor | Version | Tinstall | Tcheck | Ttotal | Status | Flags |
---|---|---|---|---|---|---|
r-devel-linux-x86_64-debian-clang | 0.1.6 | 21.07 | 24.78 | 45.85 | OK | |
r-devel-linux-x86_64-debian-gcc | 0.1.6 | 15.75 | 20.29 | 36.04 | OK | |
r-devel-linux-x86_64-fedora-clang | 0.1.6 | 92.56 | OK | |||
r-devel-linux-x86_64-fedora-gcc | 0.1.6 | 89.34 | OK | |||
r-devel-macos-arm64 | 0.1.6 | 29.00 | OK | |||
r-devel-macos-x86_64 | 0.1.6 | 49.00 | OK | |||
r-devel-windows-x86_64 | 0.1.6 | 24.00 | 68.00 | 92.00 | OK | |
r-patched-linux-x86_64 | 0.1.6 | 23.66 | 23.63 | 47.29 | NOTE | |
r-release-linux-x86_64 | 0.1.6 | 21.48 | 23.76 | 45.24 | NOTE | |
r-release-macos-arm64 | 0.1.6 | 26.00 | NOTE | |||
r-release-macos-x86_64 | 0.1.6 | 35.00 | NOTE | |||
r-release-windows-x86_64 | 0.1.6 | 25.00 | 66.00 | 91.00 | NOTE | |
r-oldrel-macos-arm64 | 0.1.6 | 30.00 | NOTE | |||
r-oldrel-macos-x86_64 | 0.1.6 | 44.00 | NOTE | |||
r-oldrel-windows-x86_64 | 0.1.6 | 31.00 | 70.00 | 101.00 | NOTE |
Version: 0.1.6
Check: LazyData
Result: NOTE
'LazyData' is specified without a 'data' directory
Flavors: r-patched-linux-x86_64, r-release-linux-x86_64, r-release-macos-arm64, r-release-macos-x86_64, r-release-windows-x86_64, r-oldrel-macos-arm64, r-oldrel-macos-x86_64, r-oldrel-windows-x86_64
These binaries (installable software) and packages are in development.
They may not be fully stable and should be used with caution. We make no claims about them.