CRAN Package Check Results for Package l1kdeconv

Last updated on 2025-05-07 15:49:20 CEST.

Flavor Version Tinstall Tcheck Ttotal Status Flags
r-devel-linux-x86_64-debian-clang 1.2.0 13.48 97.32 110.80 NOTE
r-devel-linux-x86_64-debian-gcc 1.2.0 9.53 73.27 82.80 NOTE
r-devel-linux-x86_64-fedora-clang 1.2.0 167.13 OK
r-devel-linux-x86_64-fedora-gcc 1.2.0 167.37 OK
r-devel-windows-x86_64 1.2.0 14.00 101.00 115.00 OK
r-patched-linux-x86_64 1.2.0 12.86 94.42 107.28 OK
r-release-linux-x86_64 1.2.0 10.97 93.89 104.86 OK
r-release-macos-arm64 1.2.0 42.00 OK
r-release-macos-x86_64 1.2.0 88.00 OK
r-release-windows-x86_64 1.2.0 13.00 103.00 116.00 OK
r-oldrel-macos-arm64 1.2.0 46.00 OK
r-oldrel-macos-x86_64 1.2.0 78.00 OK
r-oldrel-windows-x86_64 1.2.0 18.00 128.00 146.00 OK

Check Details

Version: 1.2.0
Check: CRAN incoming feasibility
Result: NOTE Maintainer: ‘Zhao Li <lizhao.informatics@gmail.com>’ No Authors@R field in DESCRIPTION. Please add one, modifying Authors@R: c(person(given = "Zhao", family = "Li", role = c("aut", "cre"), email = "lizhao.informatics@gmail.com"), person(given = "Peng", family = "Yu", role = c("aut", "cre"))) as necessary. Flavors: r-devel-linux-x86_64-debian-clang, r-devel-linux-x86_64-debian-gcc

These binaries (installable software) and packages are in development.
They may not be fully stable and should be used with caution. We make no claims about them.