Last updated on 2025-02-16 12:53:39 CET.
Flavor | Version | Tinstall | Tcheck | Ttotal | Status | Flags |
---|---|---|---|---|---|---|
r-devel-linux-x86_64-debian-clang | 0.99.6 | 28.94 | 111.98 | 140.92 | NOTE | |
r-devel-linux-x86_64-debian-gcc | 0.99.6 | 21.29 | 76.63 | 97.92 | NOTE | |
r-devel-linux-x86_64-fedora-clang | 0.99.6 | 241.59 | NOTE | |||
r-devel-linux-x86_64-fedora-gcc | 0.99.6 | 212.83 | NOTE | |||
r-devel-macos-arm64 | 0.99.6 | 56.00 | NOTE | |||
r-devel-macos-x86_64 | 0.99.6 | 107.00 | NOTE | |||
r-devel-windows-x86_64 | 0.99.6 | 31.00 | 131.00 | 162.00 | NOTE | |
r-patched-linux-x86_64 | 0.99.6 | 29.89 | 101.22 | 131.11 | NOTE | |
r-release-linux-x86_64 | 0.99.6 | 26.26 | 101.09 | 127.35 | NOTE | |
r-release-macos-arm64 | 0.99.6 | 56.00 | NOTE | |||
r-release-macos-x86_64 | 0.99.6 | 86.00 | NOTE | |||
r-release-windows-x86_64 | 0.99.6 | 33.00 | 131.00 | 164.00 | NOTE | |
r-oldrel-macos-arm64 | 0.99.6 | 67.00 | OK | |||
r-oldrel-macos-x86_64 | 0.99.6 | 111.00 | OK | |||
r-oldrel-windows-x86_64 | 0.99.6 | 42.00 | 158.00 | 200.00 | OK |
Version: 0.99.6
Check: Rd files
Result: NOTE
checkRd: (-1) CreateDataSet.Rd:23: Lost braces in \itemize; \value handles \item{}{} directly
checkRd: (-1) CreateDataSet.Rd:24: Lost braces in \itemize; \value handles \item{}{} directly
checkRd: (-1) CreateDataSet.Rd:25: Lost braces in \itemize; \value handles \item{}{} directly
checkRd: (-1) FindElement.Rd:21: Lost braces in \itemize; \value handles \item{}{} directly
checkRd: (-1) FindElement.Rd:22: Lost braces in \itemize; \value handles \item{}{} directly
checkRd: (-1) FindNbrClusters.Rd:21: Lost braces in \itemize; \value handles \item{}{} directly
checkRd: (-1) FindNbrClusters.Rd:22: Lost braces in \itemize; \value handles \item{}{} directly
checkRd: (-1) FindStructure.Rd:15: Lost braces in \itemize; \value handles \item{}{} directly
checkRd: (-1) FindStructure.Rd:16: Lost braces in \itemize; \value handles \item{}{} directly
checkRd: (-1) l1_spectralclustering.Rd:32: Lost braces in \itemize; \value handles \item{}{} directly
checkRd: (-1) l1_spectralclustering.Rd:33: Lost braces in \itemize; \value handles \item{}{} directly
checkRd: (-1) l1_spectralclustering.Rd:34: Lost braces in \itemize; \value handles \item{}{} directly
checkRd: (-1) l1_spectralclustering.Rd:35: Lost braces in \itemize; \value handles \item{}{} directly
Flavors: r-devel-linux-x86_64-debian-clang, r-devel-linux-x86_64-debian-gcc, r-devel-linux-x86_64-fedora-clang, r-devel-linux-x86_64-fedora-gcc, r-devel-macos-arm64, r-devel-macos-x86_64, r-devel-windows-x86_64, r-patched-linux-x86_64, r-release-linux-x86_64, r-release-macos-arm64, r-release-macos-x86_64, r-release-windows-x86_64
These binaries (installable software) and packages are in development.
They may not be fully stable and should be used with caution. We make no claims about them.