Last updated on 2025-05-21 23:48:46 CEST.
Flavor | Version | Tinstall | Tcheck | Ttotal | Status | Flags |
---|---|---|---|---|---|---|
r-devel-linux-x86_64-debian-clang | 1.0.3 | 2.74 | 33.18 | 35.92 | NOTE | |
r-devel-linux-x86_64-debian-gcc | 1.0.3 | 2.23 | 24.68 | 26.91 | NOTE | |
r-devel-linux-x86_64-fedora-clang | 1.0.3 | 58.04 | NOTE | |||
r-devel-linux-x86_64-fedora-gcc | 1.0.3 | 54.30 | NOTE | |||
r-devel-windows-x86_64 | 1.0.3 | 3.00 | 71.00 | 74.00 | NOTE | |
r-patched-linux-x86_64 | 1.0.3 | 3.00 | 31.38 | 34.38 | NOTE | |
r-release-linux-x86_64 | 1.0.3 | 2.68 | 31.18 | 33.86 | NOTE | |
r-release-macos-arm64 | 1.0.3 | 21.00 | NOTE | |||
r-release-macos-x86_64 | 1.0.3 | 37.00 | NOTE | |||
r-release-windows-x86_64 | 1.0.3 | 4.00 | 78.00 | 82.00 | NOTE | |
r-oldrel-macos-arm64 | 1.0.3 | 22.00 | NOTE | |||
r-oldrel-macos-x86_64 | 1.0.3 | 30.00 | NOTE | |||
r-oldrel-windows-x86_64 | 1.0.3 | 3.00 | 65.00 | 68.00 | NOTE |
Version: 1.0.3
Check: CRAN incoming feasibility
Result: NOTE
Maintainer: ‘John Ehrlinger <john.ehrlinger@gmail.com>’
Package CITATION file contains call(s) to old-style personList() or
as.personList(). Please use c() on person objects instead.
Package CITATION file contains call(s) to old-style citEntry(). Please
use bibentry() instead.
Flavors: r-devel-linux-x86_64-debian-clang, r-devel-linux-x86_64-debian-gcc
Version: 1.0.3
Check: Rd files
Result: NOTE
checkRd: (-1) predict.l2boost.Rd:24: Lost braces in \itemize; \value handles \item{}{} directly
checkRd: (-1) predict.l2boost.Rd:25: Lost braces in \itemize; \value handles \item{}{} directly
checkRd: (-1) predict.l2boost.Rd:29: Lost braces in \itemize; \value handles \item{}{} directly
checkRd: (-1) predict.l2boost.Rd:30: Lost braces in \itemize; \value handles \item{}{} directly
checkRd: (-1) predict.l2boost.Rd:31: Lost braces in \itemize; \value handles \item{}{} directly
checkRd: (-1) predict.l2boost.Rd:32: Lost braces in \itemize; \value handles \item{}{} directly
Flavors: r-devel-linux-x86_64-debian-clang, r-devel-linux-x86_64-debian-gcc, r-devel-linux-x86_64-fedora-clang, r-devel-linux-x86_64-fedora-gcc, r-devel-windows-x86_64, r-patched-linux-x86_64, r-release-linux-x86_64, r-release-macos-arm64, r-release-macos-x86_64, r-release-windows-x86_64, r-oldrel-macos-arm64, r-oldrel-macos-x86_64, r-oldrel-windows-x86_64
These binaries (installable software) and packages are in development.
They may not be fully stable and should be used with caution. We make no claims about them.