Last updated on 2025-10-23 17:50:52 CEST.
Flavor | Version | Tinstall | Tcheck | Ttotal | Status | Flags |
---|---|---|---|---|---|---|
r-devel-linux-x86_64-debian-clang | 1.5-9 | 13.99 | 68.60 | 82.59 | NOTE | --no-vignettes |
r-devel-linux-x86_64-debian-gcc | 1.5-9 | 11.03 | 48.71 | 59.74 | NOTE | --no-vignettes |
r-devel-linux-x86_64-fedora-clang | 1.5-9 | 46.00 | 88.20 | 134.20 | OK | --no-vignettes |
r-devel-linux-x86_64-fedora-gcc | 1.5-9 | 30.00 | 97.18 | 127.18 | OK | --no-vignettes |
r-devel-windows-x86_64 | 1.5-9 | 23.00 | 116.00 | 139.00 | OK | --no-vignettes |
r-patched-linux-x86_64 | 1.5-9 | 16.22 | 68.55 | 84.77 | OK | --no-vignettes |
r-release-linux-x86_64 | 1.5-9 | 14.91 | 68.19 | 83.10 | OK | --no-vignettes |
r-release-macos-arm64 | 1.5-9 | 8.00 | 40.00 | 48.00 | OK | --no-vignettes |
r-release-macos-x86_64 | 1.5-9 | 16.00 | 74.00 | 90.00 | OK | --no-vignettes |
r-release-windows-x86_64 | 1.5-9 | 23.00 | 104.00 | 127.00 | OK | --no-vignettes |
r-oldrel-macos-arm64 | 1.5-9 | 7.00 | 37.00 | 44.00 | OK | --no-vignettes |
r-oldrel-macos-x86_64 | 1.5-9 | 11.00 | 49.00 | 60.00 | OK | --no-vignettes |
r-oldrel-windows-x86_64 | 1.5-9 | 28.00 | 111.00 | 139.00 | OK | --no-vignettes |
Version: 1.5-9
Flags: --no-vignettes
Check: CRAN incoming feasibility
Result: NOTE
Maintainer: ‘Robert B. Gramacy <rbg@vt.edu>’
No Authors@R field in DESCRIPTION.
Please add one, modifying
Authors@R: c(person(given = c("Robert", "B."),
family = "Gramacy",
role = c("aut", "cre"),
email = "rbg@vt.edu"),
person(given = "Furong",
family = "Sun",
role = "aut",
email = "furongs@vt.edu"))
as necessary.
Flavors: r-devel-linux-x86_64-debian-clang, r-devel-linux-x86_64-debian-gcc
These binaries (installable software) and packages are in development.
They may not be fully stable and should be used with caution. We make no claims about them.