Last updated on 2025-05-01 15:49:35 CEST.
Flavor | Version | Tinstall | Tcheck | Ttotal | Status | Flags |
---|---|---|---|---|---|---|
r-devel-linux-x86_64-debian-clang | 1.0.1 | 26.57 | 144.54 | 171.11 | NOTE | |
r-devel-linux-x86_64-debian-gcc | 1.0.1 | 20.54 | 94.40 | 114.94 | NOTE | |
r-devel-linux-x86_64-fedora-clang | 1.0.1 | 272.43 | NOTE | |||
r-devel-linux-x86_64-fedora-gcc | 1.0.1 | 260.53 | NOTE | |||
r-devel-windows-x86_64 | 1.0.1 | 60.00 | 191.00 | 251.00 | NOTE | |
r-patched-linux-x86_64 | 1.0.1 | 27.75 | 133.56 | 161.31 | NOTE | |
r-release-linux-x86_64 | NOTE | |||||
r-release-macos-arm64 | 1.0.1 | 118.00 | NOTE | |||
r-release-macos-x86_64 | 1.0.1 | 269.00 | NOTE | |||
r-release-windows-x86_64 | 1.0.1 | 62.00 | 186.00 | 248.00 | NOTE | |
r-oldrel-macos-arm64 | 1.0.1 | 111.00 | NOTE | |||
r-oldrel-macos-x86_64 | 1.0.1 | 208.00 | NOTE | |||
r-oldrel-windows-x86_64 | 1.0.1 | 65.00 | 230.00 | 295.00 | NOTE |
Version: 1.0.1
Check: Rd files
Result: NOTE
checkRd: (-1) ln_quantile_value.Rd:44: Lost braces in \itemize; \value handles \item{}{} directly
checkRd: (-1) ln_quantile_value.Rd:45: Lost braces in \itemize; \value handles \item{}{} directly
checkRd: (-1) ln_quantile_value.Rd:46: Lost braces in \itemize; \value handles \item{}{} directly
checkRd: (-1) ln_quantile_value.Rd:47: Lost braces in \itemize; \value handles \item{}{} directly
checkRd: (-1) ln_quantile_value.Rd:48: Lost braces in \itemize; \value handles \item{}{} directly
checkRd: (-1) ln_quantile_value.Rd:49: Lost braces in \itemize; \value handles \item{}{} directly
Flavors: r-devel-linux-x86_64-debian-clang, r-devel-linux-x86_64-debian-gcc, r-devel-linux-x86_64-fedora-clang, r-devel-linux-x86_64-fedora-gcc, r-devel-windows-x86_64, r-patched-linux-x86_64, r-release-linux-x86_64, r-release-macos-arm64, r-release-macos-x86_64, r-release-windows-x86_64, r-oldrel-macos-arm64, r-oldrel-macos-x86_64, r-oldrel-windows-x86_64
Version: 1.0.1
Check: installed package size
Result: NOTE
installed size is 5.4Mb
sub-directories of 1Mb or more:
R 5.2Mb
Flavors: r-oldrel-macos-arm64, r-oldrel-macos-x86_64
These binaries (installable software) and packages are in development.
They may not be fully stable and should be used with caution. We make no claims about them.