CRAN Package Check Results for Package labelVector

Last updated on 2025-10-23 21:51:30 CEST.

Flavor Version Tinstall Tcheck Ttotal Status Flags
r-devel-linux-x86_64-debian-clang 0.1.2 1.61 23.99 25.60 NOTE
r-devel-linux-x86_64-debian-gcc 0.1.2 1.27 19.79 21.06 OK
r-devel-linux-x86_64-fedora-clang 0.1.2 39.53 OK
r-devel-linux-x86_64-fedora-gcc 0.1.2 52.96 OK
r-devel-windows-x86_64 0.1.2 3.00 44.00 47.00 OK
r-patched-linux-x86_64 0.1.2 1.77 21.92 23.69 OK
r-release-linux-x86_64 0.1.2 1.68 21.93 23.61 OK
r-release-macos-arm64 0.1.2 1.00 23.00 24.00 OK
r-release-macos-x86_64 0.1.2 2.00 40.00 42.00 OK
r-release-windows-x86_64 0.1.2 4.00 44.00 48.00 OK
r-oldrel-macos-arm64 0.1.2 1.00 22.00 23.00 OK
r-oldrel-macos-x86_64 0.1.2 2.00 31.00 33.00 OK
r-oldrel-windows-x86_64 0.1.2 4.00 48.00 52.00 OK

Check Details

Version: 0.1.2
Check: HTML version of manual
Result: NOTE Found the following HTML validation problems: print.labelled.html:52:1 (print.labelled.Rd:12): Warning: missing </ul> before </div> Flavor: r-devel-linux-x86_64-debian-clang

These binaries (installable software) and packages are in development.
They may not be fully stable and should be used with caution. We make no claims about them.