Last updated on 2025-02-16 08:50:50 CET.
Flavor | Version | Tinstall | Tcheck | Ttotal | Status | Flags |
---|---|---|---|---|---|---|
r-devel-linux-x86_64-debian-clang | 2.14.0 | 6.64 | 76.86 | 83.50 | OK | |
r-devel-linux-x86_64-debian-gcc | 2.14.0 | 3.83 | 53.95 | 57.78 | OK | |
r-devel-linux-x86_64-fedora-clang | 2.14.0 | 137.55 | OK | |||
r-devel-linux-x86_64-fedora-gcc | 2.14.0 | 141.14 | OK | |||
r-devel-macos-arm64 | 2.14.0 | 58.00 | OK | |||
r-devel-macos-x86_64 | 2.14.0 | 83.00 | ERROR | |||
r-devel-windows-x86_64 | 2.14.0 | 7.00 | 99.00 | 106.00 | OK | |
r-patched-linux-x86_64 | 2.14.0 | 7.38 | 70.78 | 78.16 | OK | |
r-release-linux-x86_64 | 2.14.0 | 5.96 | 71.63 | 77.59 | OK | |
r-release-macos-arm64 | 2.14.0 | 63.00 | OK | |||
r-release-macos-x86_64 | 2.14.0 | 100.00 | OK | |||
r-release-windows-x86_64 | 2.14.0 | 7.00 | 96.00 | 103.00 | OK | |
r-oldrel-macos-arm64 | 2.14.0 | 85.00 | OK | |||
r-oldrel-macos-x86_64 | 2.14.0 | 119.00 | OK | |||
r-oldrel-windows-x86_64 | 2.14.0 | 10.00 | 118.00 | 128.00 | OK |
Version: 2.14.0
Check: re-building of vignette outputs
Result: ERROR
Error(s) in re-building vignettes:
--- re-building ‘labelled.Rmd’ using rmarkdown
Quitting from lines 537-541 [unnamed-chunk-44] (labelled.Rmd)
Error: processing vignette 'labelled.Rmd' failed with diagnostics:
there is no package called 'questionr'
--- failed re-building ‘labelled.Rmd’
--- re-building ‘look_for.Rmd’ using rmarkdown
Quitting from lines 31-33 [unnamed-chunk-3] (look_for.Rmd)
Error: processing vignette 'look_for.Rmd' failed with diagnostics:
there is no package called 'questionr'
--- failed re-building ‘look_for.Rmd’
--- re-building ‘missing_values.Rmd’ using rmarkdown
--- finished re-building ‘missing_values.Rmd’
--- re-building ‘packed_columns.Rmd’ using rmarkdown
--- finished re-building ‘packed_columns.Rmd’
SUMMARY: processing the following files failed:
‘labelled.Rmd’ ‘look_for.Rmd’
Error: Vignette re-building failed.
Execution halted
Flavor: r-devel-macos-x86_64
These binaries (installable software) and packages are in development.
They may not be fully stable and should be used with caution. We make no claims about them.